INSERT INTO spatial.watercourse VALUES (6568, NULL, NULL, 0.00000000000, '[BLOB]');
INSERT INTO spatial.watercourse VALUES (6569, NULL, NULL, 0.00000000000, '[BLOB]');
INSERT INTO spatial.watercourse VALUES (6570, NULL, NULL, 0.00000000000, '[BLOB]');
INSERT INTO spatial.watercourse VALUES (6571, NULL, NULL, 0.00000000000, '[BLOB]');
INSERT INTO spatial.watercourse VALUES (6572, NULL, NULL, 0.00000000000, '[BLOB]');
INSERT INTO spatial.watercourse VALUES (6573, NULL, NULL, 0.00000000000, '[BLOB]');


--
-- TOC entry 6316 (class 0 OID 19635)
-- Dependencies: 254
-- Data for Name: documents; Type: TABLE DATA; Schema: tabular; Owner: postgres
--

INSERT INTO tabular.documents VALUES ('cc86b1d9-585c-4e09-819b-8d218578243d', 'TDR de la Réunion avec les acteurs du paysage TRIDOM Cameroun', 'application/pdf', 'Cette réunion avait pour objectif de définir les clauses de partage de données entre le WWF et les  institutions/organisations contributrices après un examen critique des intérêts communs.', 690950, '2024-06-13 00:00:00', 'CIBEL TRIDOM', '2024', 'documents/e054e854-946d-4780-8e61-593d03c8c3e7.pdf', 'aeb58d92-e483-4936-9fd7-6f9b2c6b7730', '4ca1db3f-9e82-483a-b5eb-5507c9147ccf', '883112a8-fed4-4c25-8e8d-e4e77ed46e59', '2025-07-04 10:58:40', '2025-07-04 14:54:16', NULL, NULL, NULL);
INSERT INTO tabular.documents VALUES ('d6ed5bb8-4563-4330-9a20-37b0d164f689', 'TDR de la Réunion avec les acteurs du paysage TRIDOM au Gabon', 'application/pdf', 'Cette réunion avait pour objectif de définir les clauses de partage de données entre le WWF et les  institutions/organisations contributrices après un examen critique des intérêts communs.', 737911, '2024-05-10 00:00:00', 'CIBEL TRIDOM', '2024', 'documents/4f6a6d9b-ae9c-445c-8faa-66728fcd254b.pdf', 'aeb58d92-e483-4936-9fd7-6f9b2c6b7730', '4ca1db3f-9e82-483a-b5eb-5507c9147ccf', '5b87e4e9-a7a2-4ad5-9218-403fb4b7fccf', '2025-07-04 11:13:59', '2025-07-04 11:13:59', NULL, NULL, NULL);
INSERT INTO tabular.documents VALUES ('926af510-ba20-424d-9f47-35457bac82ad', 'TDR de la Réunion avec les acteurs du paysage TRIDOM au Congo (CG)', 'application/pdf', 'Cette réunion avait pour objectif de définir les clauses de partage de données entre le WWF et les  institutions/organisations contributrices après un examen critique des intérêts communs.', 726362, '2024-05-30 00:00:00', 'CIBEL TRIDOM', '2024', 'documents/ab439149-8df0-4fd8-8464-9ce0c533c5d1.pdf', 'aeb58d92-e483-4936-9fd7-6f9b2c6b7730', '4ca1db3f-9e82-483a-b5eb-5507c9147ccf', '5b87e4e9-a7a2-4ad5-9218-403fb4b7fccf', '2025-07-04 11:11:47', '2025-07-18 15:15:43', NULL, NULL, NULL);
INSERT INTO tabular.documents VALUES ('f46c99ea-fd59-43cc-8b18-8eb49f8e2fd4', 'Business Plan 3 FC CIBEL', 'application/pdf', 'Document élaboration en vue de doter les entités juridiques gestionnaires des FC d''un matériel et équipement d''exploitation et de transformation', 762855, '2025-01-01 00:00:00', 'BINELI ATANGANA Steve', '2025', 'documents/318f2a19-f471-492c-95ad-ff62d3541cb9.pdf', '02ca5547-2717-4970-8bb0-b6ddca521bb8', '4ca1db3f-9e82-483a-b5eb-5507c9147ccf', 'ca4e388b-b6c6-415a-9b47-3264d8257574', '2025-10-16 14:49:18', '2025-10-16 14:49:18', NULL, NULL, NULL);
INSERT INTO tabular.documents VALUES ('cfd3527a-7bba-46a6-9895-f999ce99eeec', 'Manuel simplifié de gestion des entreprises', 'application/pdf', 'Manuel des procédures opérationnelles du projet d’exploitation, de transformation artisanale et de commercialisation du bois issus des Forêts communautaires ACODELEMIT, ACODENDO et ADILEM', 270812, '2025-01-01 00:00:00', 'BINELI ATANGANA Steve', '2025', 'documents/a8b19013-98a1-44ff-a62c-8a305c57c9c6.pdf', '02ca5547-2717-4970-8bb0-b6ddca521bb8', '4ca1db3f-9e82-483a-b5eb-5507c9147ccf', 'ca4e388b-b6c6-415a-9b47-3264d8257574', '2025-10-16 14:51:02', '2025-10-16 14:51:02', NULL, NULL, NULL);
INSERT INTO tabular.documents VALUES ('e23ca5dc-3433-4072-b365-2a6f53ffaf7f', 'Réquisition du matériel roulant', 'application/pdf', 'Facture d''acquisition du matériel roulant pour permettre le transport des différents produit issu des traveaux de la cacoyère communautaire', 4273832, '2025-01-01 00:00:00', 'Youssoufa NGNAGNE', '2025', 'documents/80f6c305-ea97-4782-a446-39a5bea1e5da.pdf', '02ca5547-2717-4970-8bb0-b6ddca521bb8', '4ca1db3f-9e82-483a-b5eb-5507c9147ccf', '883112a8-fed4-4c25-8e8d-e4e77ed46e59', '2025-10-16 15:01:20', '2025-10-16 15:01:20', NULL, NULL, NULL);
INSERT INTO tabular.documents VALUES ('0afb0f88-2c5f-4e36-ba14-e91f03e60aa3', 'Rapport inventaire de faune TRIDOM', 'application/pdf', 'Document technique rédigé dans le but de soutenir la gestion de la biodiversité dans les parcs nationaux de Nki et de Boumba-Bek ainsi que dans leurs zones périphériques, en fournissant des données actualisées sur les grangs et moyens mammifèreainsi que l''ampleur des préssions anthropiques.', 7138827, '2025-06-01 00:00:00', 'BEUKOU C. Ghislain Brice, FONDJA Calvin, ETOGA Gilles, NZOOH Zacharie, AZANGUE Georges, BIDIMA Antoine, N’GORAN K. Paul', '2025', 'documents/f98d8190-e1d5-4aae-979c-f8de450d65a7.pdf', '02ca5547-2717-4970-8bb0-b6ddca521bb8', '4ca1db3f-9e82-483a-b5eb-5507c9147ccf', '5b87e4e9-a7a2-4ad5-9218-403fb4b7fccf', '2025-10-16 15:04:46', '2025-10-16 15:04:46', NULL, NULL, NULL);
INSERT INTO tabular.documents VALUES ('9e390739-1057-4ee3-88bc-10b4ecb72536', 'Installation pépinière de Cacao', 'application/pdf', NULL, 322312, '2025-01-01 00:00:00', 'Patrice ZEUFACK', '2025', 'documents/27810467-d2ba-4696-8ad3-f450afe077e5.pdf', '02ca5547-2717-4970-8bb0-b6ddca521bb8', '4ca1db3f-9e82-483a-b5eb-5507c9147ccf', '883112a8-fed4-4c25-8e8d-e4e77ed46e59', '2025-10-16 15:09:06', '2025-10-16 15:09:06', NULL, NULL, NULL);
INSERT INTO tabular.documents VALUES ('8dc76b23-e954-49a1-8a5c-4d07d409c645', 'TDR enquête social plate forme multi acteurs Moloundou', 'application/pdf', NULL, 410106, '2025-01-01 00:00:00', 'Moise NKOMO', '2025', 'documents/5dd096eb-7345-41fa-9b34-f52f9e1abf0a.pdf', '02ca5547-2717-4970-8bb0-b6ddca521bb8', '4ca1db3f-9e82-483a-b5eb-5507c9147ccf', '883112a8-fed4-4c25-8e8d-e4e77ed46e59', '2025-10-16 15:10:46', '2025-10-16 15:10:46', NULL, NULL, NULL);
INSERT INTO tabular.documents VALUES ('04515d05-f04e-41e3-a098-39abb850f5cb', 'Mission de suivi-évaluation', 'image/jpeg', 'Plan rapproché: Plants d''Andok dans la pépinière', 8280740, '2025-05-22 00:00:00', 'Rowina Nguimbis', NULL, 'documents/47b5c72a-b725-46ec-ba7c-a41b2abb0bfc.jpg', '02ca5547-2717-4970-8bb0-b6ddca521bb8', '4ca1db3f-9e82-483a-b5eb-5507c9147ccf', '5b87e4e9-a7a2-4ad5-9218-403fb4b7fccf', '2025-10-24 08:57:51', '2025-10-24 08:57:51', 'Ebyeng', '5197d1e6-6442-4bf9-8597-f43db3bb5b8c', '335db174-a66a-4b46-aa86-ab79745d04c9');
INSERT INTO tabular.documents VALUES ('23555b50-254f-44ea-a157-bcfd9006a41d', 'Mission de suivi-évaluation', 'image/jpeg', 'Vue d''ensemble: Président de l''association Ebyeng Edzuameneniene (A2E) dans la pépinière communautaire.', 9571953, '2025-05-22 00:00:00', 'Rowina Nguimbis', NULL, 'documents/2ec3b49d-f859-4270-a32b-46443255e005.jpg', '02ca5547-2717-4970-8bb0-b6ddca521bb8', '4ca1db3f-9e82-483a-b5eb-5507c9147ccf', '5b87e4e9-a7a2-4ad5-9218-403fb4b7fccf', '2025-10-24 08:55:54', '2025-10-24 08:55:54', 'Ebyeng', '5197d1e6-6442-4bf9-8597-f43db3bb5b8c', '335db174-a66a-4b46-aa86-ab79745d04c9');
INSERT INTO tabular.documents VALUES ('363e751b-2063-4245-932f-e593c5435334', 'Mission de suivi-évaluation', 'image/jpeg', 'Plan rapproché: Plants d''Atangas dans la pépinière', 7133983, '2025-05-22 00:00:00', 'Rowina Nguimbis', NULL, 'documents/07eb1d2b-330f-40ee-a0fe-3ddc8d8ddec5.jpg', '02ca5547-2717-4970-8bb0-b6ddca521bb8', '4ca1db3f-9e82-483a-b5eb-5507c9147ccf', '5b87e4e9-a7a2-4ad5-9218-403fb4b7fccf', '2025-10-24 08:56:45', '2025-10-24 08:56:45', 'Ebyeng', '5197d1e6-6442-4bf9-8597-f43db3bb5b8c', '335db174-a66a-4b46-aa86-ab79745d04c9');
INSERT INTO tabular.documents VALUES ('42de8a91-4071-4236-9293-a34754937c50', 'Mission de suivi-évaluation', 'image/jpeg', 'Plantation de bananiers', 14448700, '2025-05-23 00:00:00', 'Rowina Nguimbis', NULL, 'documents/cd105e7f-42ae-45f2-a033-15b01dae1462.jpg', '02ca5547-2717-4970-8bb0-b6ddca521bb8', '4ca1db3f-9e82-483a-b5eb-5507c9147ccf', '5b87e4e9-a7a2-4ad5-9218-403fb4b7fccf', '2025-10-24 09:03:55', '2025-10-24 09:03:55', 'Nzé Vatican', '5197d1e6-6442-4bf9-8597-f43db3bb5b8c', '335db174-a66a-4b46-aa86-ab79745d04c9');
INSERT INTO tabular.documents VALUES ('021897d2-c2b0-4d5d-b796-d65ff895cfc0', 'Mission de suivi-évaluation', 'image/jpeg', 'Communautés locales recevant une formation en cacaoculture', 118300, '2025-06-16 00:00:00', 'Casimir Assama', NULL, 'documents/e1608ddc-482f-4de3-a845-10d7463ba7d3.jpg', '02ca5547-2717-4970-8bb0-b6ddca521bb8', '4ca1db3f-9e82-483a-b5eb-5507c9147ccf', '5b87e4e9-a7a2-4ad5-9218-403fb4b7fccf', '2025-10-24 09:08:04', '2025-10-24 09:08:04', 'Ndongo', 'f1ccfef1-2066-4c5b-903f-ed3212b16a28', '335db174-a66a-4b46-aa86-ab79745d04c9');
INSERT INTO tabular.documents VALUES ('04f1f73d-c942-4cff-9f2b-02dece458d03', 'Mission de suivi-évaluation', 'image/jpeg', 'Les communautés locales à l''école de la cacaoculture', 120741, '2025-06-16 00:00:00', 'Casimir Assama', NULL, 'documents/6e4bbeb6-7097-4e95-a7ce-1e8a97480616.jpg', '02ca5547-2717-4970-8bb0-b6ddca521bb8', '4ca1db3f-9e82-483a-b5eb-5507c9147ccf', '5b87e4e9-a7a2-4ad5-9218-403fb4b7fccf', '2025-10-24 09:11:13', '2025-10-24 09:11:13', 'Ndongo', 'f1ccfef1-2066-4c5b-903f-ed3212b16a28', '335db174-a66a-4b46-aa86-ab79745d04c9');
INSERT INTO tabular.documents VALUES ('544ef100-f7d1-42dd-b02c-fdb6b6a595a9', 'Mission de suivi-évaluation', 'image/jpeg', 'Jeunes plants de bananiers', 11570202, '2025-05-23 00:00:00', 'Rowina Nguimbis', NULL, 'documents/24cce325-1357-4f67-afa8-d14af91b05cf.jpg', '02ca5547-2717-4970-8bb0-b6ddca521bb8', '4ca1db3f-9e82-483a-b5eb-5507c9147ccf', '5b87e4e9-a7a2-4ad5-9218-403fb4b7fccf', '2025-10-24 09:04:41', '2025-10-24 09:04:41', 'Nzé Vatican', '5197d1e6-6442-4bf9-8597-f43db3bb5b8c', '335db174-a66a-4b46-aa86-ab79745d04c9');
INSERT INTO tabular.documents VALUES ('58e40648-5540-4698-99d5-9908942cb89f', 'Mission de suivi-évaluation', 'image/jpeg', 'Equipe de suivi évaluation ( WWF Gabon, CIBEL TRIDOM et WWF NL) visitant les plantations bénéficiaires de la clotûre électrique', 12775627, '2025-05-23 00:00:00', 'Rowina Nguimbis', NULL, 'documents/b8587620-e4e7-493c-8b67-0d62b77c7070.jpg', '02ca5547-2717-4970-8bb0-b6ddca521bb8', '4ca1db3f-9e82-483a-b5eb-5507c9147ccf', '5b87e4e9-a7a2-4ad5-9218-403fb4b7fccf', '2025-10-24 09:03:34', '2025-10-24 09:03:34', 'Nzé Vatican', '5197d1e6-6442-4bf9-8597-f43db3bb5b8c', '335db174-a66a-4b46-aa86-ab79745d04c9');
INSERT INTO tabular.documents VALUES ('5f706f52-b8c3-46f0-8cc0-390d74be98dd', 'Mission de suivi-évaluation', 'image/jpeg', 'Entrée des plantations entourées par une clôture éléctrique haute spécification installée par l''ANPN', 11857658, '2025-05-23 00:00:00', 'Rowina Nguimbis', NULL, 'documents/43553b29-90fb-409b-813b-6dbe36ae6bed.jpg', '02ca5547-2717-4970-8bb0-b6ddca521bb8', '4ca1db3f-9e82-483a-b5eb-5507c9147ccf', '5b87e4e9-a7a2-4ad5-9218-403fb4b7fccf', '2025-10-24 09:02:07', '2025-10-24 09:02:07', 'Nzé Vatican', '5197d1e6-6442-4bf9-8597-f43db3bb5b8c', '335db174-a66a-4b46-aa86-ab79745d04c9');
INSERT INTO tabular.documents VALUES ('62547324-4818-4cf0-81fe-3db9ff080527', 'Mission de suivi-évaluation', 'image/jpeg', 'Equipe de suivi évaluation visitant les plantations avec les membres des communautés bénéficiaires', 14530561, '2025-05-23 00:00:00', 'Rowina Nguimbis', NULL, 'documents/50ee952a-e3c2-480c-aa0a-fe6c3bebdfc2.jpg', '02ca5547-2717-4970-8bb0-b6ddca521bb8', '4ca1db3f-9e82-483a-b5eb-5507c9147ccf', '5b87e4e9-a7a2-4ad5-9218-403fb4b7fccf', '2025-10-24 09:04:19', '2025-10-24 09:04:19', 'Nzé Vatican', '5197d1e6-6442-4bf9-8597-f43db3bb5b8c', '335db174-a66a-4b46-aa86-ab79745d04c9');
INSERT INTO tabular.documents VALUES ('64bb889d-9e72-415b-ac31-89fcb90493f8', 'Mission de suivi-évaluation', 'image/jpeg', 'Un membre de la communauté donnant son point de vue', 6975125, '2025-05-23 00:00:00', 'Rowina Nguimbis', NULL, 'documents/6de02ef3-bb8f-4b16-88ce-46579747e216.jpg', '02ca5547-2717-4970-8bb0-b6ddca521bb8', '4ca1db3f-9e82-483a-b5eb-5507c9147ccf', '5b87e4e9-a7a2-4ad5-9218-403fb4b7fccf', '2025-10-24 09:01:21', '2025-10-24 09:01:21', 'Nzé Vatican', '5197d1e6-6442-4bf9-8597-f43db3bb5b8c', '335db174-a66a-4b46-aa86-ab79745d04c9');
INSERT INTO tabular.documents VALUES ('65d8a10c-cd25-43b6-9e85-2027c120aae7', 'Mission de suivi-évaluation', 'image/jpeg', 'Bureau de l''association A2E', 11927619, '2025-05-22 00:00:00', 'Rowina Nguimbis', NULL, 'documents/cf9df392-1151-43cb-88e7-413a899b7d22.jpg', '02ca5547-2717-4970-8bb0-b6ddca521bb8', '4ca1db3f-9e82-483a-b5eb-5507c9147ccf', '5b87e4e9-a7a2-4ad5-9218-403fb4b7fccf', '2025-10-24 08:59:29', '2025-10-24 08:59:29', 'Ebyeng', '5197d1e6-6442-4bf9-8597-f43db3bb5b8c', '335db174-a66a-4b46-aa86-ab79745d04c9');
INSERT INTO tabular.documents VALUES ('8e7f0744-395d-4132-8fb7-457f80ae1f39', 'Mission de suivi-évaluation', 'image/jpeg', 'Plan rapproché d''une partie de la clôture électrique', 10352247, '2025-05-23 00:00:00', 'Rowina Nguimbis', NULL, 'documents/a2099dd4-d04d-44d4-b74c-a8c59dbb2697.jpg', '02ca5547-2717-4970-8bb0-b6ddca521bb8', '4ca1db3f-9e82-483a-b5eb-5507c9147ccf', '5b87e4e9-a7a2-4ad5-9218-403fb4b7fccf', '2025-10-24 09:02:30', '2025-10-24 09:02:30', 'Nzé Vatican', '5197d1e6-6442-4bf9-8597-f43db3bb5b8c', '335db174-a66a-4b46-aa86-ab79745d04c9');
INSERT INTO tabular.documents VALUES ('9061609d-387c-405f-8abe-dc863d92d416', 'Mission de suivi-évaluation', 'image/jpeg', 'Vue d''ensemble d''une partie de la pépinière', 12518932, '2025-05-22 00:00:00', 'Rowina Nguimbis', NULL, 'documents/4b96ea26-005b-4d70-97f4-664c04d38454.jpg', '02ca5547-2717-4970-8bb0-b6ddca521bb8', '4ca1db3f-9e82-483a-b5eb-5507c9147ccf', '5b87e4e9-a7a2-4ad5-9218-403fb4b7fccf', '2025-10-24 08:53:58', '2025-10-24 08:53:58', 'Ebyeng', '5197d1e6-6442-4bf9-8597-f43db3bb5b8c', '335db174-a66a-4b46-aa86-ab79745d04c9');
INSERT INTO tabular.documents VALUES ('a33fa4fd-360b-4ea9-a185-ad37c6e4315e', 'Mission de suivi-évaluation', 'image/jpeg', 'Plan moyen: Président de l''association s''occupant des plants', 9831010, '2025-05-22 00:00:00', 'Rowina Nguimbis', NULL, 'documents/0eb5a8a8-206f-4745-aad0-0f7765f5078a.jpg', '02ca5547-2717-4970-8bb0-b6ddca521bb8', '4ca1db3f-9e82-483a-b5eb-5507c9147ccf', '5b87e4e9-a7a2-4ad5-9218-403fb4b7fccf', '2025-10-24 08:58:45', '2025-10-24 08:58:45', 'Ebyeng', '5197d1e6-6442-4bf9-8597-f43db3bb5b8c', '335db174-a66a-4b46-aa86-ab79745d04c9');
INSERT INTO tabular.documents VALUES ('a86ba235-d42d-465e-9772-b0b58d95e0ef', 'Mission de suivi-évaluation', 'image/jpeg', 'Plan rapproché taille: Président de l''association présentant un plan', 8826089, '2025-05-22 00:00:00', 'Rowina Nguimbis', NULL, 'documents/860067fa-0c67-4fab-99ce-8bbced6b0eaf.jpg', '02ca5547-2717-4970-8bb0-b6ddca521bb8', '4ca1db3f-9e82-483a-b5eb-5507c9147ccf', '5b87e4e9-a7a2-4ad5-9218-403fb4b7fccf', '2025-10-24 08:59:05', '2025-10-24 08:59:05', 'Ebyeng', '5197d1e6-6442-4bf9-8597-f43db3bb5b8c', '335db174-a66a-4b46-aa86-ab79745d04c9');
INSERT INTO tabular.documents VALUES ('ad280bb2-9b91-405e-b681-dfeefb66bddd', 'Mission de suivi-évaluation', 'image/jpeg', 'Discussion avec les populations locales sur l''entretien des barrières', 11586243, '2025-05-23 00:00:00', 'Rowina Nguimbis', NULL, 'documents/3e40d55b-1019-4f5a-98fe-c5b8c1bedb1d.jpg', '02ca5547-2717-4970-8bb0-b6ddca521bb8', '4ca1db3f-9e82-483a-b5eb-5507c9147ccf', '5b87e4e9-a7a2-4ad5-9218-403fb4b7fccf', '2025-10-24 09:00:29', '2025-10-24 09:00:29', 'Nzé Vatican', '5197d1e6-6442-4bf9-8597-f43db3bb5b8c', '335db174-a66a-4b46-aa86-ab79745d04c9');
INSERT INTO tabular.documents VALUES ('b692b172-42c8-472a-acc8-5c438c8fcd58', 'Mission de suivi-évaluation', 'image/jpeg', 'Vue d''ensemble: pots de pépinière', 7383501, '2025-05-22 00:00:00', 'Rowina Nguimbis', NULL, 'documents/ecd665fb-2405-4401-9fd5-7be633d8aea4.jpg', '02ca5547-2717-4970-8bb0-b6ddca521bb8', '4ca1db3f-9e82-483a-b5eb-5507c9147ccf', '5b87e4e9-a7a2-4ad5-9218-403fb4b7fccf', '2025-10-24 08:57:19', '2025-10-24 08:57:19', 'Ebyeng', '5197d1e6-6442-4bf9-8597-f43db3bb5b8c', '335db174-a66a-4b46-aa86-ab79745d04c9');
INSERT INTO tabular.documents VALUES ('cdc3decf-bcbb-40d9-a6aa-8de9afc5cf83', 'Mission de suivi-évaluation', 'image/jpeg', 'Plan moyen: Président de l''association observant la pépinière', 10299229, '2025-05-22 00:00:00', 'Rowina Nguimbis', NULL, 'documents/141ea0c3-c87d-4462-ab3c-0c937d0a655d.jpg', '02ca5547-2717-4970-8bb0-b6ddca521bb8', '4ca1db3f-9e82-483a-b5eb-5507c9147ccf', '5b87e4e9-a7a2-4ad5-9218-403fb4b7fccf', '2025-10-24 08:58:21', '2025-10-24 08:58:21', 'Ebyeng', '5197d1e6-6442-4bf9-8597-f43db3bb5b8c', '335db174-a66a-4b46-aa86-ab79745d04c9');
INSERT INTO tabular.documents VALUES ('de63456d-f47e-44c8-86bd-d305b1982ca3', 'Mission de suivi-évaluation', 'image/jpeg', 'Station de maintenance de la clotûre électrique', 13605965, '2025-05-23 00:00:00', 'Rowina Nguimbis', NULL, 'documents/7be0e45e-3d24-42b3-b206-fcdd66ade200.jpg', '02ca5547-2717-4970-8bb0-b6ddca521bb8', '4ca1db3f-9e82-483a-b5eb-5507c9147ccf', '5b87e4e9-a7a2-4ad5-9218-403fb4b7fccf', '2025-10-24 09:02:54', '2025-10-24 09:02:54', 'Nzé Vatican', '5197d1e6-6442-4bf9-8597-f43db3bb5b8c', '335db174-a66a-4b46-aa86-ab79745d04c9');
INSERT INTO tabular.documents VALUES ('e7991b46-b253-43a8-9e0d-70ec8d936a98', 'Mission de suivi-évaluation', 'image/jpeg', 'Plan d''ensemble montrant des villageois', 12004221, '2025-05-23 00:00:00', 'Rowina Nguimbis', NULL, 'documents/ce8abfc8-8fac-4356-b59f-fc634e39e6ce.jpg', '02ca5547-2717-4970-8bb0-b6ddca521bb8', '4ca1db3f-9e82-483a-b5eb-5507c9147ccf', '5b87e4e9-a7a2-4ad5-9218-403fb4b7fccf', '2025-10-24 09:05:08', '2025-10-24 09:05:08', 'Nzé Vatican', '5197d1e6-6442-4bf9-8597-f43db3bb5b8c', '335db174-a66a-4b46-aa86-ab79745d04c9');
INSERT INTO tabular.documents VALUES ('fdcaddfb-0d00-4deb-aafc-c3bb286cad3c', 'Mission de suivi-évaluation', 'image/jpeg', 'Plan moyen de branches d''arbre couvrant des jeunes plants de maïs', 13467437, '2025-05-23 00:00:00', 'Rowina Nguimbis', NULL, 'documents/99e9831b-08fa-469e-9582-c96956236f42.jpg', '02ca5547-2717-4970-8bb0-b6ddca521bb8', '4ca1db3f-9e82-483a-b5eb-5507c9147ccf', '5b87e4e9-a7a2-4ad5-9218-403fb4b7fccf', '2025-10-24 09:03:14', '2025-10-24 09:03:14', 'Nzé Vatican', '5197d1e6-6442-4bf9-8597-f43db3bb5b8c', '335db174-a66a-4b46-aa86-ab79745d04c9');


--
-- TOC entry 6348 (class 0 OID 48409)
-- Dependencies: 291
-- Data for Name: indicator; Type: TABLE DATA; Schema: tabular; Owner: postgres
--

INSERT INTO tabular.indicator VALUES ('880e7fd4-a118-4d77-9782-49fbfde8fafa', 'reconnaissance_survey_sampling_effort_km', NULL, NULL, NULL, NULL, NULL, NULL, NULL, NULL, NULL, NULL, NULL, '{}', NULL, NULL, 'Distance d’échantillonnage en km parcourue lors d''une marche de reconnaissance reliant deux transects durant un inventaire faune.');
INSERT INTO tabular.indicator VALUES ('1dd0584b-d980-4bd6-a825-5456bf9a1ac3', 'density_n_km2', NULL, NULL, NULL, NULL, NULL, NULL, NULL, NULL, NULL, NULL, NULL, '{}', NULL, NULL, 'Nombre d’animaux d’une même espèce par unité de surface en km²');
INSERT INTO tabular.indicator VALUES ('8bf5e4ec-b284-4e5d-a4d6-c6550c998270', 'distance_foot_patrol_km', NULL, NULL, NULL, NULL, NULL, NULL, NULL, NULL, NULL, NULL, NULL, '{}', NULL, NULL, 'Distance totale parcourue par une patrouille à pied dans une zone de conservation par an en km.');
INSERT INTO tabular.indicator VALUES ('e53e62f0-34e0-4d00-b523-69a139f149d0', 'sampling_duration_of_transects_days', NULL, NULL, NULL, NULL, NULL, NULL, NULL, NULL, NULL, NULL, NULL, '{}', NULL, NULL, 'Temps total effectué pour une opération d''échantillonnage des transects exprimé en nombre de jours effectué ');
INSERT INTO tabular.indicator VALUES ('70063212-67cf-443e-a84a-094bc0f51dde', 'sampling_transects_effort_km', NULL, NULL, NULL, NULL, NULL, NULL, NULL, NULL, NULL, NULL, NULL, '{}', NULL, NULL, 'Distance d’échantillonnage en km parcourue sur transect dans des paysages ou des comtés du bassin du Congo.');
INSERT INTO tabular.indicator VALUES ('85b969f5-5862-4e94-886f-8d26f042f9bf', 'active_hour', NULL, NULL, NULL, NULL, NULL, NULL, NULL, NULL, NULL, NULL, NULL, '{}', NULL, NULL, 'Nombre total d’heures actives de patrouille de lutte anti-braconnage effectué dans une aire de conservation par année.');
INSERT INTO tabular.indicator VALUES ('7780f899-51d8-4ab9-8f76-cf4e8aa6cc55', 'effective_patrol_days', NULL, NULL, NULL, NULL, NULL, NULL, NULL, NULL, NULL, NULL, NULL, '{}', NULL, NULL, 'Nombre de jours pendant lesquels les patrouilles d’application de la loi ont été actives sur le terrain au cours d’une période d’un an (365 jours).');
INSERT INTO tabular.indicator VALUES ('fb586fb7-9f65-43b7-b80f-dd4b3709f94f', 'man_days', NULL, NULL, NULL, NULL, NULL, NULL, NULL, NULL, NULL, NULL, NULL, '{}', NULL, NULL, 'Nombre de jours de patrouille multiplié par le nombre de gardes forestiers impliqués sur une période d’un an dans une aire de conservation.');
INSERT INTO tabular.indicator VALUES ('c1776a3a-aa96-4578-be0f-189aeb999afe', 'cumulative_number_of_training_sessions_carried_out', NULL, NULL, NULL, NULL, NULL, NULL, NULL, NULL, NULL, NULL, NULL, '{}', NULL, NULL, 'Nombre cumulé de formations réalisées');
INSERT INTO tabular.indicator VALUES ('6817a282-260d-4d03-9304-359393544031', 'number_of_patrol', NULL, NULL, NULL, NULL, NULL, NULL, NULL, NULL, NULL, NULL, NULL, '{}', NULL, NULL, 'Nombre de patrouilles');
INSERT INTO tabular.indicator VALUES ('97bafe3c-b7f9-428c-a7ed-599e00cb6041', 'number_of_capacity_building_session_carried_out', NULL, NULL, NULL, NULL, NULL, NULL, NULL, NULL, NULL, NULL, NULL, '{}', NULL, NULL, 'nombre de session de formation de renforcement des capacités réalisé dans un site, paysage ou pays du bassin du Congo par an.');
INSERT INTO tabular.indicator VALUES ('a13bdceb-7ec4-4ae6-8127-63addcd564a3', 'number_of_benefiting_sites', NULL, NULL, NULL, NULL, NULL, NULL, NULL, NULL, NULL, NULL, NULL, '{}', NULL, NULL, 'Nombre total de sites de terrain bénéficiant de sessions de renforcement des capacités par sites, paysages ou pays du bassin du Congo par an.');
INSERT INTO tabular.indicator VALUES ('998414e7-6004-42ff-8d73-bfb0c524218d', 'total_patrol_days', NULL, NULL, NULL, NULL, NULL, NULL, NULL, NULL, NULL, NULL, NULL, '{}', NULL, NULL, 'Nombre cumulé de jours de patrouille policière effectués dans une aire de conservation au cours d’une année.');
INSERT INTO tabular.indicator VALUES ('bd34bfef-dbb6-478c-bdf1-dceb30633ff3', 'relative_weight_of_key_factors', NULL, NULL, NULL, NULL, NULL, NULL, NULL, NULL, NULL, NULL, NULL, '{}', NULL, NULL, NULL);
INSERT INTO tabular.indicator VALUES ('c0bb64df-afe6-4283-b88e-e7448eda767c', 'percentage_of_local_communities_buy_in_conservation_activities', NULL, NULL, NULL, NULL, NULL, NULL, NULL, NULL, NULL, NULL, NULL, '{}', NULL, NULL, NULL);
INSERT INTO tabular.indicator VALUES ('1681b06c-5472-4092-91ca-6ab547415f9a', 'percentage_of_total_area_covered', NULL, NULL, NULL, NULL, NULL, NULL, NULL, NULL, NULL, NULL, NULL, '{}', NULL, NULL, NULL);
INSERT INTO tabular.indicator VALUES ('aae4552c-c4b1-40a3-a26a-f7ff01bf52dc', 'percentage_number_of_training_sessions_carried_out', NULL, NULL, NULL, NULL, NULL, NULL, NULL, NULL, NULL, NULL, NULL, '{}', NULL, NULL, 'Pourcentage de formations réalisées par sites, paysages ou pays du bassin du Congo par an.');
INSERT INTO tabular.indicator VALUES ('a6edb95c-5c23-4e3f-9dfd-7ec3e8910571', 'percentage_of_supported_site_covered', NULL, NULL, NULL, NULL, NULL, NULL, NULL, NULL, NULL, NULL, NULL, '{}', NULL, NULL, NULL);
INSERT INTO tabular.indicator VALUES ('781e58f1-4a74-4b6b-901d-06d55f63c1b7', 'area_covered_km2', NULL, NULL, NULL, NULL, NULL, NULL, NULL, NULL, NULL, NULL, NULL, '{}', NULL, NULL, 'Superficie couverte par des inventaires de la faune sauvage dans des paysages ou des pays du bassin du Congo.');
INSERT INTO tabular.indicator VALUES ('e9f12bb0-c99d-4686-a3e9-5fe24ddcfedb', 'population_size_n', NULL, NULL, NULL, NULL, NULL, NULL, NULL, NULL, NULL, NULL, NULL, '{}', NULL, NULL, 'Nombre d’animaux d’une espèce dans une zone.');
INSERT INTO tabular.indicator VALUES ('75f62d2b-0219-43f5-9748-8962812045bc', 'annual_retaliation_killing_rate', NULL, NULL, NULL, NULL, NULL, NULL, NULL, NULL, NULL, NULL, NULL, '{}', NULL, NULL, NULL);
INSERT INTO tabular.indicator VALUES ('23087ea4-4114-46c1-a52d-b0d3f079d406', 'occupancy_rate', NULL, NULL, NULL, NULL, NULL, NULL, NULL, NULL, NULL, NULL, NULL, '{}', NULL, NULL, 'Proportion de surface occupée par une espèce dans une zone.');
INSERT INTO tabular.indicator VALUES ('87f0d119-58e6-4c3e-b65c-f21328154c8a', 'capture_rate', NULL, NULL, NULL, NULL, NULL, NULL, NULL, NULL, NULL, NULL, NULL, '{}', NULL, NULL, 'Nombre d’événements de détection indépendants d’une espèce donnée capturés à l’aide d’un piège photographique par unité de jour d’échantillonnage.');
INSERT INTO tabular.indicator VALUES ('2e268ad6-8aec-4aaf-bca0-e56c70967393', 'area_coverage_rate', NULL, NULL, NULL, NULL, NULL, NULL, NULL, NULL, NULL, NULL, NULL, '{}', NULL, NULL, 'Pourcentage de superficie couverte par les relevés de la faune sauvage dans les sites, paysages ou pays du bassin du Congo.');
INSERT INTO tabular.indicator VALUES ('56b6a63f-0910-4ccc-8b0d-d11115d0ff75', 'spatial_coverage_rate', NULL, NULL, NULL, NULL, NULL, NULL, NULL, NULL, NULL, NULL, NULL, '{}', NULL, NULL, 'Superficie totale couverte par les patrouilles de lutte anti-braconnage dans une aire de conservation par année.');
INSERT INTO tabular.indicator VALUES ('dd2cbbf8-1ba1-401d-b2ae-05767c1e6a4b', 'encounter_rate_of_hunting_signs', NULL, NULL, NULL, NULL, NULL, NULL, NULL, NULL, NULL, NULL, NULL, '{}', NULL, NULL, 'Nombre d’observations de chasse dans une zone par unité de distance d’échantillonnage en km.');
INSERT INTO tabular.indicator VALUES ('1ef38bb3-5b1f-4bc0-85c9-a18925b2f3ae', 'encounter_rate', NULL, NULL, NULL, NULL, NULL, NULL, NULL, NULL, NULL, NULL, NULL, '{}', NULL, NULL, 'Nombre d’observations d’une espèce donnée dans une zone par unité de distance d’échantillonnage en km.');
INSERT INTO tabular.indicator VALUES ('e6320641-d8fa-4cae-9824-a96ff870ea9a', 'encounter_rate_of_human_pressure_signs', NULL, NULL, NULL, NULL, NULL, NULL, NULL, NULL, NULL, NULL, NULL, '{}', NULL, NULL, 'Nombre d’observations humaines dans une zone par unité de distance d’échantillonnage en km.');


--
-- TOC entry 6301 (class 0 OID 19213)
-- Dependencies: 239
-- Data for Name: organizations; Type: TABLE DATA; Schema: tabular; Owner: postgres
--

INSERT INTO tabular.organizations VALUES ('ecb030c5-2b1c-4b48-afcc-e9b73ef832be', 'ZSL', 'Zoological Society of London', 'logos/2aebbc44-1809-4a95-8aa4-8342866d3854.png', '2025-06-26 19:57:13', '2025-06-26 19:57:13', 'https://www.zsl.org/');
INSERT INTO tabular.organizations VALUES ('0b8a543e-a719-4ab0-897e-375198659b31', 'FAO', 'Food and Agriculture Organization', 'logos/6eb216c5-6629-4024-9cfe-c200497c095d.jpg', '2025-12-16 10:37:11', '2025-12-16 10:37:11', 'https://www.fao.org/');
INSERT INTO tabular.organizations VALUES ('114e981f-657d-471f-b06e-ada43e53609b', 'USFWS', 'U.S. Fish and Wildlife Service', 'logos/ac9cfd49-3ddf-4e1c-a660-0a0caa4fb8b0.png', '2025-12-15 09:08:52', '2025-12-15 09:08:52', 'https://www.fws.gov/');
INSERT INTO tabular.organizations VALUES ('1d934cae-6284-43d7-93b4-1ed3aa5bb7be', 'FGDH', 'Gouvernance responsable', 'logos/4ef2fdfb-cf68-404d-95b9-a974afb35cef.png', '2025-12-11 10:55:45', '2025-12-11 10:55:45', 'https://fgdh.cg/');
INSERT INTO tabular.organizations VALUES ('335db174-a66a-4b46-aa86-ab79745d04c9', 'WWF', 'World Wide Fund for Nature (Fonds mondial pour la nature)', 'logos/335db174-a66a-4b46-aa86-ab79745d04c9.jpg', NULL, '2025-10-30 01:23:47', 'https://cameroon.panda.org/');
INSERT INTO tabular.organizations VALUES ('361431a4-f00e-4f8f-95d5-b0edca3aa73f', 'AWF', 'African Wildlife Foundation', 'logos/d0bd219c-2624-45e0-b5e8-f512126bf883.png', '2025-12-12 13:50:01', '2025-12-12 13:50:01', 'https://www.awf.org/');
INSERT INTO tabular.organizations VALUES ('3b59a09b-f38f-48f9-9119-a78a7225dccd', 'TF-RD', 'Tropical Forest And Rural Development', 'logos/5928f57f-beb2-452a-9e5c-86372ca04984.png', '2025-12-11 10:40:23', '2025-12-11 10:40:23', 'https://www.programmeppi.org/');
INSERT INTO tabular.organizations VALUES ('645620c2-b9aa-41ca-87c2-dc4a1e8efbe9', 'TRAFFIC', 'Organization description', 'logos/beee2062-8848-44c5-b1f6-5c2f5221f26e.png', '2025-06-26 12:08:44', '2025-06-26 12:08:44', 'https://www.traffic.org/');
INSERT INTO tabular.organizations VALUES ('71ee9626-4f9e-497e-9e3a-609df0af201b', 'USAID', 'U.S. Agency for International Development', 'logos/37ac6188-4583-4fc8-b388-c2c35d53621c.png', '2025-12-15 08:01:32', '2025-12-15 08:01:32', 'https://oig.usaid.gov/');
INSERT INTO tabular.organizations VALUES ('84bc52f0-09d3-4838-88e6-77f9f50f5bc5', 'AAFEBEN', 'Appui à l''Auto Promotion de la Femme de Boumba et Ngoko', 'logos/a54dfbe6-1049-448d-be20-c416b3d23597.png', '2025-12-16 10:07:08', '2025-12-16 10:07:08', 'https://aafeben.org/');
INSERT INTO tabular.organizations VALUES ('9c476c0f-77e8-4236-aa36-21061c2ad7d0', 'APN Congo', 'African Parks Network (APN)', 'logos/9e7389cd-19a0-40a0-8de2-b497a4eb49c6.png', '2025-12-12 12:58:46', '2025-12-12 12:58:46', 'https://www.wrm.org.uy/');
INSERT INTO tabular.organizations VALUES ('a8b40be0-b876-4a06-9578-b88902558582', 'Panthera Gabon', 'Panthera Gabon', 'logos/0c40b943-7399-4cd3-bf47-c4ce7d3c1ad7.png', '2025-12-11 12:50:04', '2025-12-11 12:50:04', 'https://panthera.org/');
INSERT INTO tabular.organizations VALUES ('c0075b3e-82b7-423d-a297-03ac7806ff3f', 'FFEM', 'Fonds français pour l''environnement mondial', 'logos/a17c742e-e697-49c5-8fa4-223462dd8ac9.jpg', '2025-12-12 14:20:41', '2025-12-12 14:20:41', 'https://www.ffem.fr/');
INSERT INTO tabular.organizations VALUES ('c07779f4-f6a2-4c25-91df-a678aa6437c6', 'PNUD', 'Programme des Nations Unies pour le Développement - PNUD', 'logos/14778c0c-f0b0-49c4-899f-8e6355248702.png', '2025-12-12 14:40:43', '2025-12-12 14:40:43', 'https://www.undp.org/');
INSERT INTO tabular.organizations VALUES ('c9a8a346-2f42-4d85-81bf-c1608d318419', 'Conservation Justice', 'Conservation Justice', 'logos/a178c5f5-c025-465d-961f-d8d56c2794f3.png', '2025-06-26 19:59:25', '2025-06-26 19:59:25', 'https://www.conservation-justice.org/');
INSERT INTO tabular.organizations VALUES ('84f264dc-9cc4-494e-8a44-5571a341cb08', 'GIZ', 'Deutsche Gesellschaft für Internationale Zusammenarbeit', 'logos/8dca418d-a5cc-424a-8216-ac3677ae9d2f.png', '2025-06-26 19:57:49', '2025-06-26 19:57:49', 'https://www.giz.de/');
INSERT INTO tabular.organizations VALUES ('bef8e6d5-90cd-4eda-9341-d55a40b6a6f4', 'OFAC', 'Observatoire des Forêts d''Afrique Centrale', 'logos/b041d4d0-e550-4df0-a906-069637842deb.png', '2025-06-26 19:58:01', '2025-06-26 19:58:01', 'https://www.observatoire-comifac.net/');


--
-- TOC entry 6308 (class 0 OID 19485)
-- Dependencies: 246
-- Data for Name: project_objectives; Type: TABLE DATA; Schema: tabular; Owner: postgres
--

INSERT INTO tabular.project_objectives VALUES ('0eb2532a-bedb-497e-8397-268f10b77636', 'Suivre et Evaluation des impact du Projet (Protocoles, Suivi, Analyses et Evaluation)', 'aeb58d92-e483-4936-9fd7-6f9b2c6b7730', '2025-06-26 17:31:38', '2025-06-26 17:31:38');
INSERT INTO tabular.project_objectives VALUES ('5a2f010c-b572-474c-98fd-d9e3b50b66dc', 'Suivre de la qualité de mise en œuvre (Analyses, Contrôle et Orientations Adaptatives)', 'aeb58d92-e483-4936-9fd7-6f9b2c6b7730', '2025-06-26 17:33:53', '2025-06-26 17:33:53');
INSERT INTO tabular.project_objectives VALUES ('2682e93e-2712-429e-bfe2-555538e56f75', 'Développer de plateforme Web (Compilation de données, Production de Résultats stratégiques, Création d’un Tableau de bord)', 'aeb58d92-e483-4936-9fd7-6f9b2c6b7730', '2025-06-26 17:34:30', '2025-06-26 17:34:30');
INSERT INTO tabular.project_objectives VALUES ('8fd04d55-a7ed-471f-ab97-ea0f556b17a7', 'Améliorer la gestion de la biodiversité et des corridors écologiques, en renforçant l’efficacité de la lutte anti-braconnage et en intégrant des mécanismes de conservation de la biodiversité aux activités extractives minières et forestières', 'dd2768b3-4853-4015-ac46-2bd3fe7e849f', '2025-12-12 14:32:08', '2025-12-12 14:32:08');
INSERT INTO tabular.project_objectives VALUES ('1ce3252f-f157-4a71-9969-b5a17cf23304', 'Réduire les pressions anthropiques sur les écosystèmes forestiers en favorisant le développement d’activités agricoles dans les zones de développement communautaires et les périphéries urbaines', 'dd2768b3-4853-4015-ac46-2bd3fe7e849f', '2025-12-12 14:32:30', '2025-12-12 14:32:30');
INSERT INTO tabular.project_objectives VALUES ('a821be3b-28ac-4a27-af47-a9856ad85c6d', 'Protéger les écosystèmes et la biodiversité de la région du bassin du Congo, qui est une des plus riches au monde.', 'e22b064f-1a4b-420c-be82-6e52df9ec9ca', '2025-12-12 14:47:47', '2025-12-12 14:47:47');
INSERT INTO tabular.project_objectives VALUES ('e8abc5b0-66d5-42cb-8a54-757fd4de4897', 'Promouvoir des pratiques de développement qui respectent l''environnement tout en soutenant les moyens de subsistance des populations locales.', 'e22b064f-1a4b-420c-be82-6e52df9ec9ca', '2025-12-12 14:48:09', '2025-12-12 14:48:09');
INSERT INTO tabular.project_objectives VALUES ('affe2726-3759-4c58-8623-da6f774c54c5', 'Former et sensibiliser les communautés locales, les autorités et d''autres parties prenantes sur les enjeux de conservation et de gestion des ressources naturelles.', 'e22b064f-1a4b-420c-be82-6e52df9ec9ca', '2025-12-12 14:48:23', '2025-12-12 14:48:23');
INSERT INTO tabular.project_objectives VALUES ('5c60d5f1-dc46-4463-8539-b02d9863c00c', 'Faciliter la coopération transfrontalière entre les pays de la région pour une gestion concertée des ressources naturelles et des espaces protégés.', 'e22b064f-1a4b-420c-be82-6e52df9ec9ca', '2025-12-12 14:48:38', '2025-12-12 14:48:38');
INSERT INTO tabular.project_objectives VALUES ('85e2039f-7771-4200-b4dc-9e09e9fd1243', 'Contribuer à l''amélioration des conditions de vie des populations locales à travers des projets de développement durable qui tiennent compte de leurs besoins.', 'e22b064f-1a4b-420c-be82-6e52df9ec9ca', '2025-12-12 14:48:54', '2025-12-12 14:48:54');


--
-- TOC entry 6307 (class 0 OID 19472)
-- Dependencies: 245
-- Data for Name: project_results; Type: TABLE DATA; Schema: tabular; Owner: postgres
--

INSERT INTO tabular.project_results VALUES ('01c892fe-9920-4b88-9f46-bff18e3138f4', 'Les activités socio-économiques et sectorielles dans le paysage de la Réserve de Biosphère du Dja (RBD) sont coordonnées de façon intégrée dans une perspective d''approche paysagère qui assure la disponibilité durable des services écologiques pour les parties prenantes', '51f804ca-59ee-42ba-9761-e263788eb973', '2025-12-11 11:42:51', '2025-12-11 11:42:51');
INSERT INTO tabular.project_results VALUES ('ac818606-9fff-436e-945a-3edf23f679f8', 'Les structures de gestion (04 Secteurs géographiques et 05 Unités thématiques) de la RFD et leurs équipes (au moins 70 écogardes) sont renforcées d’ici 2022.', '51f804ca-59ee-42ba-9761-e263788eb973', '2025-12-11 11:43:18', '2025-12-11 11:43:18');
INSERT INTO tabular.project_results VALUES ('66aa7ecb-b9ea-4510-9761-9809ced652da', 'Les populations riveraines d’au moins 30 communautés sont associées à la gestion intégrée des ressources naturelles et en tirent un bénéfice durable d’ici 2022.', '51f804ca-59ee-42ba-9761-e263788eb973', '2025-12-11 11:43:34', '2025-12-11 11:43:34');
INSERT INTO tabular.project_results VALUES ('d5221ede-c07b-4f8e-8b11-87a3ce8048ad', 'Un système de gestion (patrouilles SMART et suivis judiciaires associés) efficace de la RFD est développé et opérationnel d’ici 2022', '51f804ca-59ee-42ba-9761-e263788eb973', '2025-12-11 11:43:46', '2025-12-11 11:43:46');
INSERT INTO tabular.project_results VALUES ('4459525b-0d64-433b-8d45-0f16a4bf5794', 'Les expériences et connaissances sont échangées et capitalisées au niveau local (Forum des acteurs du Dja, réunions de coordination, etc.) et régional (TRIDOM, TNS, COMIFAC, etc.).', '51f804ca-59ee-42ba-9761-e263788eb973', '2025-12-11 11:44:04', '2025-12-11 11:44:04');
INSERT INTO tabular.project_results VALUES ('2e84b314-6a47-4f11-a443-00b4179b0a7d', 'To slow, halt or reverse reverse biodiversity loss', '891bd907-8330-41e3-b84c-d047930d0508', '2025-12-11 11:52:13', '2025-12-11 11:52:13');
INSERT INTO tabular.project_results VALUES ('75b0e511-59d2-4269-a0bc-40c066ecf807', 'Le secteur privé s’engage en faveur de la biodiversité et du développement durable', 'e45e024c-d324-416a-9ed7-96acebeded72', '2025-12-11 11:57:57', '2025-12-11 11:57:57');
INSERT INTO tabular.project_results VALUES ('e2e72bdd-f558-46b3-93c2-f6f4340ba945', 'Tous les groupes d''acteurs sont impliqué dans un échange sur les potentiels de conciliation entre la protection de la biodiversité et le développement socio-économique', 'e45e024c-d324-416a-9ed7-96acebeded72', '2025-12-11 11:58:13', '2025-12-11 11:58:13');
INSERT INTO tabular.project_results VALUES ('095028ef-1104-4e98-91eb-21d11b05c5eb', 'Les organes du TRIDOM remplissent leurs mandats', 'e45e024c-d324-416a-9ed7-96acebeded72', '2025-12-11 11:58:26', '2025-12-11 11:58:26');
INSERT INTO tabular.project_results VALUES ('d9045d12-6cf3-43b0-9b1e-37b54ba80172', 'Les acteurs locaux testent des approches innovantes pour le développement durable', 'e45e024c-d324-416a-9ed7-96acebeded72', '2025-12-11 11:58:38', '2025-12-11 11:58:38');
INSERT INTO tabular.project_results VALUES ('bf6772b8-8a07-44f5-9e81-b67fff8e0300', 'Rédaction d''un protocole d''accord entre l''ANPN, l''opérateur economique KHLL et Panthera pour la gestion et le suivi de la zone de Momba', '5651e4ad-5bcc-44f7-91cb-99e406ece388', '2025-12-11 12:57:13', '2025-12-11 12:57:13');
INSERT INTO tabular.project_results VALUES ('05835e4e-d89a-4915-9384-db5aa1f05e9e', 'Inventaire de faune dans la zone Momba et Odzala', '5651e4ad-5bcc-44f7-91cb-99e406ece388', '2025-12-11 12:57:29', '2025-12-11 12:57:29');
INSERT INTO tabular.project_results VALUES ('9f1015f4-b8df-42df-912f-e3e4f9c0aafd', 'Etude socioéconomique et cartographie participative des 13 villages avoisinant la zone de momba', '5651e4ad-5bcc-44f7-91cb-99e406ece388', '2025-12-11 12:57:46', '2025-12-11 12:57:46');
INSERT INTO tabular.project_results VALUES ('ae402670-50c6-4a2c-ad5e-016ca0facca9', 'Une coopérative est créée et les ventes groupées de cacao seront organisées', '22279ff7-158e-41cf-b7d7-8239fbe1fabf', '2025-12-12 11:44:19', '2025-12-12 11:44:19');
INSERT INTO tabular.project_results VALUES ('b4febf23-b464-472e-9fb5-0e889bd8e24e', 'es agro forêts sont mises en place sur 50 ha supplémentaires en valorisant des jachères anciennes.', '22279ff7-158e-41cf-b7d7-8239fbe1fabf', '2025-12-12 11:44:31', '2025-12-12 11:44:31');
INSERT INTO tabular.project_results VALUES ('6af3833a-11f2-438b-b812-dcee5ef01edb', 'Les producteurs sont formés sur des questions de fonctionnement et de gestion des coopératives', '22279ff7-158e-41cf-b7d7-8239fbe1fabf', '2025-12-12 11:44:45', '2025-12-12 11:44:45');
INSERT INTO tabular.project_results VALUES ('8820d02b-dd9f-4772-9fb9-bc9c35c5e302', 'De vieilles cacaoyères sont réhabilitées et enrichies en espèces locales domestiquées sur environ 50 ha', '22279ff7-158e-41cf-b7d7-8239fbe1fabf', '2025-12-12 11:45:03', '2025-12-12 11:45:03');
INSERT INTO tabular.project_results VALUES ('77e3637d-d51e-4e64-97b3-a65c89ad3b58', 'L’éducation environnementale portant sur les grands singes dans les écoles primaires à la périphérie nord de la RBD est promue et ainsi le programme officiel d’éducation environnementale des écoles de cette zone avec les réalités environnementales de la RBD auprès de 250 élèves et 18 enseignants est mis en cohérence', '22279ff7-158e-41cf-b7d7-8239fbe1fabf', '2025-12-12 11:45:16', '2025-12-12 11:45:16');
INSERT INTO tabular.project_results VALUES ('c483c2ee-8bb6-4fe0-a3ca-c51a438aaba5', 'The park is ready to welcome lions', '4123ed70-47a8-49db-937a-a1daa30a187a', '2025-12-12 12:53:47', '2025-12-12 12:53:47');
INSERT INTO tabular.project_results VALUES ('814f251f-2656-4635-9529-8f059e3dde8c', 'Plateaux Batéké National Park and secure key sites', '4123ed70-47a8-49db-937a-a1daa30a187a', '2025-12-12 12:55:18', '2025-12-12 12:55:18');
INSERT INTO tabular.project_results VALUES ('4ec68c4f-31b6-4672-adae-1c8824bc9caa', 'Fauna evolution and density known', '4123ed70-47a8-49db-937a-a1daa30a187a', '2025-12-12 12:55:31', '2025-12-12 12:55:31');
INSERT INTO tabular.project_results VALUES ('53aa012e-aa82-412a-9bb7-f60a09245625', 'The communities are involved and have given their agreement to the restoration of a lion population in their environment.', '4123ed70-47a8-49db-937a-a1daa30a187a', '2025-12-12 12:55:49', '2025-12-12 12:55:49');
INSERT INTO tabular.project_results VALUES ('5ef3d06b-2b5a-45f6-a5c6-4fd1ca555249', 'Les statuts des populations animales, de la végétation et des activités humaines sont connues et permettent à l''équipe de gestion de palier les pressions et contraintes', '00c59a6b-f540-45ed-a6eb-a2db847077b9', '2025-12-12 13:04:32', '2025-12-12 13:04:32');
INSERT INTO tabular.project_results VALUES ('6fcebf0a-eb78-4e5d-a7f3-9e24429b72c9', 'Une fondation disposant des structures administratives, techniques et financière assure la gestion du parc sur le long termes', '00c59a6b-f540-45ed-a6eb-a2db847077b9', '2025-12-12 13:04:58', '2025-12-12 13:04:58');
INSERT INTO tabular.project_results VALUES ('4f8ebcf6-2f6f-41f3-9c3c-eb79cb44ca2e', 'Les communautés de la périphérie sont associées au processus de développement du parc et des relations fonctionnelles sont établies avec le parc et les différentes opérations', '00c59a6b-f540-45ed-a6eb-a2db847077b9', '2025-12-12 13:36:28', '2025-12-12 13:36:28');
INSERT INTO tabular.project_results VALUES ('8d967441-20d7-4bbf-af4d-5e348ec55441', 'La conservation et la biodiversité du parc sont garanties et la surveillance a permis aux populations animales de s''accroître en particulier les populations d''éléphants', '00c59a6b-f540-45ed-a6eb-a2db847077b9', '2025-12-12 13:37:26', '2025-12-12 13:37:26');
INSERT INTO tabular.project_results VALUES ('55f4207c-e9a5-4d5e-b53b-43c283a0dcb6', 'Les activités socio-économiques et sectorielles dans le paysage de la Réserve de Biosphère du Dja (RBD) sont coordonnées de façon intégrée dans une perspective d''approche paysagère qui assure la disponibilité durable des services écologiques pour les parties prenantes.', '3331cd2d-8e44-4962-a524-6dcce866b9fc', '2025-12-12 13:58:59', '2025-12-12 13:58:59');
INSERT INTO tabular.project_results VALUES ('06f2356b-9972-43ce-9e76-d01c574db5fc', 'Les populations riveraines sont associées à la gestion intégrée des ressources naturelles et en tirent un bénéfice durable', '3331cd2d-8e44-4962-a524-6dcce866b9fc', '2025-12-12 13:59:18', '2025-12-12 13:59:18');
INSERT INTO tabular.project_results VALUES ('69b8c2d1-fd81-46c4-ba87-309e31ba5264', 'Un plan d’affectation des terres couvrant environ 1 million ha est approuvé et mis en oeuvre', 'c6211eeb-b590-4a55-9ec1-4b9ff0d1b4ff', '2025-12-15 08:36:03', '2025-12-15 08:36:03');
INSERT INTO tabular.project_results VALUES ('00b9ed6a-025a-4e40-825e-57772ad2e0d2', 'La gestion communautaire et participative des ressources naturelles est mise en oeuvre', 'c6211eeb-b590-4a55-9ec1-4b9ff0d1b4ff', '2025-12-15 08:36:15', '2025-12-15 08:36:15');
INSERT INTO tabular.project_results VALUES ('2fa8d7e7-1e9f-4629-8f87-9942d955a91f', 'Un projet REDD capable de créer des bénéfices financiers pour les populations locales est mis en place', 'c6211eeb-b590-4a55-9ec1-4b9ff0d1b4ff', '2025-12-15 08:36:32', '2025-12-15 08:36:32');
INSERT INTO tabular.project_results VALUES ('dcb02afb-14f2-410a-b568-36264f834150', 'Des pratiques de qualité sur la gestion environnementale et sociale sont adoptées par les sociétés forestières et minières, et dans le cadre du développement des infrastructures', 'c6211eeb-b590-4a55-9ec1-4b9ff0d1b4ff', '2025-12-15 08:36:45', '2025-12-15 08:36:45');
INSERT INTO tabular.project_results VALUES ('39bc1839-3678-4764-bac6-4fca388f8391', 'Les cadres législatifs et politiques nationaux et régionaux sont renforcés', 'c6211eeb-b590-4a55-9ec1-4b9ff0d1b4ff', '2025-12-15 08:37:10', '2025-12-15 08:37:10');
INSERT INTO tabular.project_results VALUES ('3b609d47-b56e-41ef-85a4-29cde0940b47', 'Une plateforme électronique valorise les données en permettant aux usagers de visualiser et d’analyser des informations utiles à l’aide à la décision pour la préservation et la gestion des forêts d’Afrique Centrale', '331c96fd-249e-4ee0-b9fd-f4a879e2b59a', '2025-12-15 08:43:56', '2025-12-15 08:43:56');
INSERT INTO tabular.project_results VALUES ('ff295854-96ff-4194-a650-a115aade6ef5', 'Un système de collecte, stockage et partage des données crédibles et complètes (incluant les données géospatiales) nécessaires aux services informationnels est conçu et mis en place de manière à disposer au sein de l’OFAC de données exhaustives et dont la qualité est attestée', '331c96fd-249e-4ee0-b9fd-f4a879e2b59a', '2025-12-15 08:44:07', '2025-12-15 08:44:07');
INSERT INTO tabular.project_results VALUES ('6843f8f5-4d6f-44d1-bb15-b15d6910807f', 'Zero extinction of species', '52848aae-e7dc-4dd8-9c7e-3242cf3ff38c', '2025-12-15 09:18:33', '2025-12-15 09:18:33');
INSERT INTO tabular.project_results VALUES ('7e385fa7-490f-4ea2-9fdb-fe4c4a039fb1', 'Supporting operations of special arrest teams to disrupt ivory networks in southeast Cameroon', 'b2361a28-8003-4f3c-869d-c1c1fb59103a', '2025-12-16 09:20:40', '2025-12-16 09:20:40');
INSERT INTO tabular.project_results VALUES ('b69055a6-e778-4bbf-bc9f-3c3f77cbb62b', 'Communicating arrests and court outcomes through various media; (5) documenting and mapping poachers’ access routes into Minkebe National Park and the periphery', 'b2361a28-8003-4f3c-869d-c1c1fb59103a', '2025-12-16 09:20:59', '2025-12-16 09:20:59');
INSERT INTO tabular.project_results VALUES ('766b166e-f7d0-48e9-a18a-97fc2d279f57', 'Providing logistical, material, and financial support to Cameroonian guard teams to conduct joint and/or coordinated patrols along the Gabon-Cameroon border', 'b2361a28-8003-4f3c-869d-c1c1fb59103a', '2025-12-16 09:21:18', '2025-12-16 09:21:18');
INSERT INTO tabular.project_results VALUES ('7bbaabe1-def3-46d2-ac75-e46e1773e16f', 'Supporting patrols in southern Nki National Park, along the border with the Republic of the Congo', 'b2361a28-8003-4f3c-869d-c1c1fb59103a', '2025-12-16 09:21:46', '2025-12-16 09:21:46');
INSERT INTO tabular.project_results VALUES ('daad31b2-fa19-48f9-aaff-eb91811d6a0c', 'Consolidating informant networks in Cameroon to collect actionable intelligence on ivory trafficking', 'b2361a28-8003-4f3c-869d-c1c1fb59103a', '2025-12-16 09:22:14', '2025-12-16 09:22:14');
INSERT INTO tabular.project_results VALUES ('e0ff82c0-7427-4c9b-a7cc-cf31b5f59f45', 'Providing information on movements of ivory poachers and ivory across the border so as to improve the efficiency of patrols', 'b2361a28-8003-4f3c-869d-c1c1fb59103a', '2025-12-16 09:22:28', '2025-12-16 09:22:28');
INSERT INTO tabular.project_results VALUES ('efaa0f04-d93f-4a91-ad67-d64ca9df9f54', 'Providing legal support to Cameroon’s Ministry of Forestry and Wildlife (MINFOF) for the prosecution of arrested wildlife criminals', 'b2361a28-8003-4f3c-869d-c1c1fb59103a', '2025-12-16 09:22:44', '2025-12-16 09:22:44');
INSERT INTO tabular.project_results VALUES ('a7e87471-4bfd-4567-a5fc-ed49a425aacb', 'Providing logistical support for supplying ANPN’s Assok Allat satellite camp', 'b2361a28-8003-4f3c-869d-c1c1fb59103a', '2025-12-16 09:23:01', '2025-12-16 09:23:01');
INSERT INTO tabular.project_results VALUES ('bd835166-7219-4a8a-b4fe-d542f7f3f9b7', 'Holding strategic meetings between the Gabon’s National Parks Agency (ANPN), MINFOF, and World Wildlife Fund staff to strengthen collaborations, information exchange, and a patrol strategy during the first quarter of the project', 'b2361a28-8003-4f3c-869d-c1c1fb59103a', '2025-12-16 09:23:18', '2025-12-16 09:23:18');
INSERT INTO tabular.project_results VALUES ('dd6bfac7-7035-4afc-8d17-2efdab70df00', 'Holding a second strategy meeting between ANPN, MINFOF, and the World Wildlife Fund- to learn from the collaboration and plan for the future', 'b2361a28-8003-4f3c-869d-c1c1fb59103a', '2025-12-16 09:23:38', '2025-12-16 09:23:38');
INSERT INTO tabular.project_results VALUES ('c3266f10-2a0f-4123-adab-8b1ec3b146bb', 'Au sein de la coopérative 30 femmes sont formées sur les techniques de production du beurre de cacao et d’huile de Moabi', '182dae17-6fb4-4854-bbbc-ad8f3f80e2ac', '2025-12-16 10:01:35', '2025-12-16 10:01:35');
INSERT INTO tabular.project_results VALUES ('0cb06594-8f4e-4abb-b2c0-2419bc5529af', 'Une unité de transformation des fèves de cacao en beurre de cacao et d’amande de moabi en huile est mise en place et cogérée par TF-RD et la coopérative ; elle produit 20 tonnes de fèves de beurre de cacao et 10 tonnes d’amande de moabi qui seront transformées en huile permettant de générer environ 40 M de FCFA', '182dae17-6fb4-4854-bbbc-ad8f3f80e2ac', '2025-12-16 10:01:51', '2025-12-16 10:01:51');
INSERT INTO tabular.project_results VALUES ('6671d9a5-dd48-495c-9b0b-e35d95f6c37d', 'Deux partenariats (un au niveau national et un au niveau international) sont conclus pour la vente de 95% de la production (environ 4.000 litres de beurre de cacao et 2.000 litres d’huile de moabi seront transformés par les femmes)', '182dae17-6fb4-4854-bbbc-ad8f3f80e2ac', '2025-12-16 10:02:25', '2025-12-16 10:02:25');
INSERT INTO tabular.project_results VALUES ('f2cf680d-b68b-447d-bc0d-90d79c028929', 'Un business plan de la coopérative des producteurs de cacao est produit pour planifier l’avenir ainsi qu’un document précisant les formations nécessaires aux membres et les besoins en équipement et en personnel', '182dae17-6fb4-4854-bbbc-ad8f3f80e2ac', '2025-12-16 10:02:42', '2025-12-16 10:02:42');
INSERT INTO tabular.project_results VALUES ('8bd7689b-fb86-4c5d-aed9-97575565a8cc', 'Deux ventes groupées de cacao non transformé seront réalisées permettant de générer environ 100 M FCFA (150 000 €) pour au moins 100 producteurs', '182dae17-6fb4-4854-bbbc-ad8f3f80e2ac', '2025-12-16 10:02:58', '2025-12-16 10:02:58');
INSERT INTO tabular.project_results VALUES ('be27fae6-873a-47ac-9dd0-d290ed89ae89', 'Les revenus issus de la vente des PFNL par l’élaboration d’une stratégie commerciale sont augmentés', 'b467551d-2ffd-42ff-9361-d0e485949b60', '2025-12-16 10:14:47', '2025-12-16 10:14:47');
INSERT INTO tabular.project_results VALUES ('38d9ffbd-6c2f-4a88-95f3-4f37337d65a9', 'La gouvernance des 4 Forêts Communautaires avec l’élaboration de plans de gestion et leur application est améliorée.', 'b467551d-2ffd-42ff-9361-d0e485949b60', '2025-12-16 10:15:00', '2025-12-16 10:15:00');
INSERT INTO tabular.project_results VALUES ('d7f871f8-d58d-46cc-88b9-225b8d10aab9', '100 ha de jachères avec du moabi et des manguiers sauvages sont reboisés', 'b467551d-2ffd-42ff-9361-d0e485949b60', '2025-12-16 10:15:13', '2025-12-16 10:15:13');
INSERT INTO tabular.project_results VALUES ('d8d81773-eca6-4e29-bf01-ce9a19d3cb17', 'Soutenir la valorisation de 4 PFNL dans 4 Forêts Communautaires par l’amélioration des techniques de collecte et de transformation', 'b467551d-2ffd-42ff-9361-d0e485949b60', '2025-12-16 10:15:28', '2025-12-16 10:15:28');


--
-- TOC entry 6315 (class 0 OID 19585)
-- Dependencies: 253
-- Data for Name: project_thematics; Type: TABLE DATA; Schema: tabular; Owner: postgres
--

INSERT INTO tabular.project_thematics VALUES ('0bda7708-80df-4fee-8e71-777add3d08b3', '06b5188c-445b-46b1-a443-be4bfb67b899', '["d3b299a4-2544-4eba-a433-cf110edcda81","e7b3e927-a8b0-4e74-a557-292d57dccc98"]', '["0fb251de-3206-446d-a58b-7cb2cc6f4da9","23427270-a3c8-4dce-aef9-9ad6ca82f06a"]', 'aeb58d92-e483-4936-9fd7-6f9b2c6b7730', '10a62626-2c45-41c1-8c79-563dd7488b32', '2025-06-27 14:42:42', '2025-06-27 14:42:42');
INSERT INTO tabular.project_thematics VALUES ('c4529469-76ec-4c69-80a4-75cf37269e08', '06b5188c-445b-46b1-a443-be4bfb67b899', '["d3b299a4-2544-4eba-a433-cf110edcda81","e7b3e927-a8b0-4e74-a557-292d57dccc98"]', '["23427270-a3c8-4dce-aef9-9ad6ca82f06a"]', 'aeb58d92-e483-4936-9fd7-6f9b2c6b7730', 'fb508fd1-da18-4c8d-94fa-010b5b15b7ac', '2025-07-08 10:58:08', '2025-07-08 10:58:08');


--
-- TOC entry 6306 (class 0 OID 19442)
-- Dependencies: 244
-- Data for Name: projects; Type: TABLE DATA; Schema: tabular; Owner: postgres
--

INSERT INTO tabular.projects VALUES ('90fe6c96-8df3-4d43-9e5b-11e615be2d2a', 'NIAP (National Ivory Action Plan)', 'Yaoundé', '079fad94-17ca-4812-9cac-83d77855ae9c', '2022-07-01 00:00:00', '2024-06-30 00:00:00', 104000, '8f52a997-59c9-488b-b2cd-7c8dfa301bb4', '645620c2-b9aa-41ca-87c2-dc4a1e8efbe9', '4ca1db3f-9e82-483a-b5eb-5507c9147ccf', NULL, 'SONE NKOKE', NULL, '+237699731856', 'DALIDA IKOUM', 'dalida.ikoum@traffic.org', NULL, NULL, '2025-06-26 20:12:26', '2025-06-26 20:12:26', NULL, NULL);
INSERT INTO tabular.projects VALUES ('1cbcd82b-f23f-448e-b7bb-a5beb7ced26f', 'Achieving An Integrated Agribusiness-Conservation Agreement For Deforestation Free Palm Oil Or Cacao Production In Tridom Landscape Int/Practices Innovation Funds.', 'Yaoundé', '079fad94-17ca-4812-9cac-83d77855ae9c', '2019-05-01 00:00:00', '2020-04-30 00:00:00', NULL, NULL, '335db174-a66a-4b46-aa86-ab79745d04c9', '4ca1db3f-9e82-483a-b5eb-5507c9147ccf', NULL, NULL, NULL, NULL, NULL, NULL, NULL, NULL, '2025-07-15 16:13:52', '2025-07-15 16:13:52', NULL, NULL);
INSERT INTO tabular.projects VALUES ('02ca5547-2717-4970-8bb0-b6ddca521bb8', 'CIBEL CAMEROUN', 'Ndongo', 'f1ccfef1-2066-4c5b-903f-ed3212b16a28', '2023-07-01 00:00:00', '2027-12-31 00:00:00', 1500000, '8f52a997-59c9-488b-b2cd-7c8dfa301bb4', '335db174-a66a-4b46-aa86-ab79745d04c9', '4ca1db3f-9e82-483a-b5eb-5507c9147ccf', NULL, 'Pierre Calvin FONDJA', 'string', 'string', 'Youssoufa NGANGNE MOUMBAGNA', 'string', 'string', 'string', '2025-10-16 10:25:37', '2025-10-16 10:25:37', NULL, NULL);
INSERT INTO tabular.projects VALUES ('e64a0b4e-9d1c-40b0-b907-5d2ffc3750dd', 'CIBEL CONGO', 'Sembé', '1e4a6334-ea34-434c-a3bc-935c8038bed5', '2023-07-01 00:00:00', '2027-12-31 00:00:00', 1500000, '8f52a997-59c9-488b-b2cd-7c8dfa301bb4', '335db174-a66a-4b46-aa86-ab79745d04c9', '4ca1db3f-9e82-483a-b5eb-5507c9147ccf', NULL, 'Corneille MOUKSON', NULL, NULL, NULL, NULL, NULL, NULL, '2025-10-16 11:49:07', '2025-10-16 11:49:07', NULL, NULL);
INSERT INTO tabular.projects VALUES ('6bd15f02-d842-4fbb-a098-7f757f3168fa', 'Appui à l’amélioration de la gouvernance territoriale en vue de la gestion durable des ressources naturelles à la périphérie de la Réserve de Biosphère du Dja (RBD)', NULL, 'f1ccfef1-2066-4c5b-903f-ed3212b16a28', '2020-04-28 00:00:00', '2021-04-28 00:00:00', 47954, '2893541d-843a-4f7f-af5c-5a1f8593bf06', '3b59a09b-f38f-48f9-9119-a78a7225dccd', '4ca1db3f-9e82-483a-b5eb-5507c9147ccf', NULL, NULL, 'melaniekemotasse@yahoo.fr', NULL, NULL, NULL, NULL, NULL, '2025-12-11 10:44:52', '2025-12-11 10:44:52', NULL, NULL);
INSERT INTO tabular.projects VALUES ('7dd308f3-32ff-4d44-8715-7639509c39c4', 'Appui à la sécurisation  et à la gestion durable des terroirs des communautés locales et des populations autochtones en République du Congo (ASGEDUT-CLPA)', 'Brazzaville', 'e9325f73-7969-4da6-9870-41faa20442e5', '2024-11-25 00:00:00', '2024-11-25 00:00:00', NULL, NULL, '1d934cae-6284-43d7-93b4-1ed3aa5bb7be', '4ca1db3f-9e82-483a-b5eb-5507c9147ccf', NULL, 'Maixent Fortunin AGNIMBAT EMEKA', NULL, '+242 066 185 138', 'André ITOUA', 'andreitoualovoua@gmail.com', '+242 064 433 433', 'Sécuriser les terres des communautés locales et renforcer la gouvernance territoriale communautaire des ressources naturelles', '2025-12-11 10:56:19', '2025-12-11 10:56:19', NULL, NULL);
INSERT INTO tabular.projects VALUES ('903be145-26b9-462c-98cc-c20e7854f40c', 'Appui logistique pour la mise en œuvre des activités de suivi des clairières forestières dans les parcs nationaux de Nki et Boumba-bek dans le paysage TRIDOM Cameroun', 'Ngoyla', '079fad94-17ca-4812-9cac-83d77855ae9c', '2022-03-15 00:00:00', '2022-12-31 00:00:00', NULL, NULL, '335db174-a66a-4b46-aa86-ab79745d04c9', '4ca1db3f-9e82-483a-b5eb-5507c9147ccf', NULL, NULL, NULL, NULL, NULL, NULL, NULL, NULL, '2025-12-11 11:25:35', '2025-12-11 11:25:35', NULL, NULL);
INSERT INTO tabular.projects VALUES ('51f804ca-59ee-42ba-9761-e263788eb973', 'Appuie à la Préservation des Ecosystèmes fragiles- Réserve de Faune du Dja, Cameroun (ECOFAC 6-Dja/ZSL)', NULL, 'f1ccfef1-2066-4c5b-903f-ed3212b16a28', '2017-08-02 00:00:00', '2017-02-02 00:00:00', 15236052.81, '8f52a997-59c9-488b-b2cd-7c8dfa301bb4', 'ecb030c5-2b1c-4b48-afcc-e9b73ef832be', '4ca1db3f-9e82-483a-b5eb-5507c9147ccf', NULL, NULL, NULL, NULL, NULL, NULL, NULL, 'La Réserve de Faune du Dja (RFD) et ses environs fonctionnent comme un réservoir exceptionnel de la biodiversité en Afrique Centrale, et un environnement durable pour les communautés riveraines et les économies basées sur l’utilisation des ressources naturelles. 100% de la Réserve de faune du Dja couverte par les patrouilles d’ici 2022. Au moins 30 communautés riveraines sont impliquées dans la gestion des ressources naturelles autour du Dja. Au moins 4 sociétés (forestières, agro-industrielles, hydroélectriques, etc.) s’engagent à une gestion environnementale et sociale responsable', '2025-12-11 11:34:37', '2025-12-11 11:34:37', NULL, NULL);
INSERT INTO tabular.projects VALUES ('891bd907-8330-41e3-b84c-d047930d0508', 'Biodiverse Landscape Fund', 'Yaoundé', '079fad94-17ca-4812-9cac-83d77855ae9c', '2023-10-01 00:00:00', '2030-10-01 00:00:00', NULL, NULL, 'ecb030c5-2b1c-4b48-afcc-e9b73ef832be', '4ca1db3f-9e82-483a-b5eb-5507c9147ccf', NULL, 'Louise Sherwood', 'louise.sherwood@zsl.org', NULL, 'Nebaneh Samuel Neba', 'samuelneba.nebaneh@zsl.org', '+237 677 788 604', 'Reduce poverty, protect and restore biodiversity and lessen the impact of climate change', '2025-12-11 11:50:40', '2025-12-11 11:50:40', NULL, NULL);
INSERT INTO tabular.projects VALUES ('e45e024c-d324-416a-9ed7-96acebeded72', 'Biodiversité et développement durable du paysage Tri-national Dja-Odzala-Minkébé (TRIDOM)', NULL, NULL, NULL, NULL, 10000000, '8f52a997-59c9-488b-b2cd-7c8dfa301bb4', '84f264dc-9cc4-494e-8a44-5571a341cb08', '4ca1db3f-9e82-483a-b5eb-5507c9147ccf', NULL, 'Martial Nkolo', 'martial.nkolo@giz.de', NULL, 'Julia Metsio', 'julia.metsio@giz.de', NULL, 'La participation des acteurs du secteur public, du secteur privé et de la société civile au développement durable et respectueux de la biodiversité du paysage du Tri-national Dja-Odzala-Minkébé (TRIDOM) est bien établie.', '2025-12-11 11:55:44', '2025-12-11 11:55:44', NULL, NULL);
INSERT INTO tabular.projects VALUES ('bc1fedc9-c97a-40ec-8374-df98f27acfc1', 'Capacity Development on Combating Wildlife Crimes', NULL, '079fad94-17ca-4812-9cac-83d77855ae9c', '2022-10-14 00:00:00', '2022-12-22 00:00:00', NULL, NULL, '335db174-a66a-4b46-aa86-ab79745d04c9', '4ca1db3f-9e82-483a-b5eb-5507c9147ccf', NULL, NULL, NULL, NULL, NULL, NULL, NULL, NULL, '2025-12-11 12:03:03', '2025-12-11 12:03:03', NULL, NULL);
INSERT INTO tabular.projects VALUES ('0bcc5b77-e27d-4587-a0fb-d65d59b70753', 'Carrying out a pilot test of the Central Africa bushmeat monitoring system in TRIDOM landscape  (Cameroon, Congo, Gabon)', 'Cambridge', '079fad94-17ca-4812-9cac-83d77855ae9c', '2024-06-03 00:00:00', '2027-06-01 00:00:00', 111628, NULL, '645620c2-b9aa-41ca-87c2-dc4a1e8efbe9', '4ca1db3f-9e82-483a-b5eb-5507c9147ccf', NULL, 'Luc Evouna  Embolo', 'luc.evouna@traffic.org', '+237 698 402 202', 'Paul Ngoran', 'Pngoran@wwfcam.org', '+237 691 910 811', NULL, '2025-12-11 12:12:46', '2025-12-11 12:12:46', NULL, NULL);
INSERT INTO tabular.projects VALUES ('aeb58d92-e483-4936-9fd7-6f9b2c6b7730', 'CIBEL TRIDOM', 'Yaoundé', '079fad94-17ca-4812-9cac-83d77855ae9c', '2023-07-01 00:00:00', '2027-06-30 00:00:00', 500000, '8f52a997-59c9-488b-b2cd-7c8dfa301bb4', '335db174-a66a-4b46-aa86-ab79745d04c9', '4ca1db3f-9e82-483a-b5eb-5507c9147ccf', 'https://wwf-congobasin-monitoring.org/', 'Paul N''Goran', 'pngoran@wwfcam.org', NULL, 'Christian NGANWA', 'cnganwa@wwfcam.org', NULL, NULL, '2025-06-26 17:09:50', '2025-07-02 08:52:48', 'logos/9b20d3c9-304e-4c6f-9459-7f64d60ac38a.jpg', 'WWF, 2023');
INSERT INTO tabular.projects VALUES ('caccfc44-1bc5-4ecb-adb6-f991fdc206e4', 'CIBEL GABON', 'Makokou', '5197d1e6-6442-4bf9-8597-f43db3bb5b8c', '2023-07-01 00:00:00', '2027-12-31 00:00:00', 1500000, '8f52a997-59c9-488b-b2cd-7c8dfa301bb4', '335db174-a66a-4b46-aa86-ab79745d04c9', '4ca1db3f-9e82-483a-b5eb-5507c9147ccf', NULL, 'Stéphane Le Duc Yeno', 'SLeducyeno@wwfgab.org', '+241 77 84 00 50', NULL, 'string', 'string', NULL, '2025-10-16 10:37:06', '2025-10-30 00:58:19', NULL, NULL);
INSERT INTO tabular.projects VALUES ('12a70d8e-767f-4fd3-bfe6-dd7b97ba0494', 'Improving logistics facility to support jengi tridom biomonitoring programme', NULL, '079fad94-17ca-4812-9cac-83d77855ae9c', '2019-09-01 00:00:00', '2020-06-30 00:00:00', NULL, NULL, '335db174-a66a-4b46-aa86-ab79745d04c9', '4ca1db3f-9e82-483a-b5eb-5507c9147ccf', NULL, NULL, NULL, NULL, NULL, NULL, NULL, NULL, '2025-12-11 12:23:44', '2025-12-11 12:23:44', NULL, NULL);
INSERT INTO tabular.projects VALUES ('6c8dba1e-a7ef-48da-a2eb-af871cc66c2e', 'Support for activities related to tridom landscape finance coordinator', NULL, 'f1ccfef1-2066-4c5b-903f-ed3212b16a28', '2019-07-01 00:00:00', '2022-06-30 00:00:00', NULL, NULL, '335db174-a66a-4b46-aa86-ab79745d04c9', '4ca1db3f-9e82-483a-b5eb-5507c9147ccf', NULL, NULL, NULL, NULL, NULL, NULL, NULL, NULL, '2025-12-11 12:29:15', '2025-12-11 12:29:15', NULL, NULL);
INSERT INTO tabular.projects VALUES ('f0c60cc8-6aa2-4ad5-b809-07b435481b46', 'Support for activities related to tridom network coordinator', NULL, 'f1ccfef1-2066-4c5b-903f-ed3212b16a28', '2019-07-01 00:00:00', '2022-06-30 00:00:00', NULL, NULL, '335db174-a66a-4b46-aa86-ab79745d04c9', '4ca1db3f-9e82-483a-b5eb-5507c9147ccf', NULL, NULL, NULL, NULL, NULL, NULL, NULL, NULL, '2025-12-11 12:29:50', '2025-12-11 12:29:50', NULL, NULL);
INSERT INTO tabular.projects VALUES ('e75656ff-7b27-4476-93eb-53188a0b9039', 'Congo Basin Forest Hub Coordinator', 'Yaoundé', 'f1ccfef1-2066-4c5b-903f-ed3212b16a28', '2023-01-01 00:00:00', '2024-06-30 00:00:00', NULL, NULL, '335db174-a66a-4b46-aa86-ab79745d04c9', '4ca1db3f-9e82-483a-b5eb-5507c9147ccf', NULL, NULL, NULL, NULL, NULL, NULL, NULL, NULL, '2025-12-11 12:31:42', '2025-12-11 12:31:42', NULL, NULL);
INSERT INTO tabular.projects VALUES ('d1a6ad3c-eb7d-40b5-abde-082b552e0c91', 'Conservation et gestion participative de l''Aire Protégée de Messok Dja et de sa périphérie', NULL, '079fad94-17ca-4812-9cac-83d77855ae9c', '2018-07-01 00:00:00', '2022-03-31 00:00:00', NULL, NULL, '335db174-a66a-4b46-aa86-ab79745d04c9', '4ca1db3f-9e82-483a-b5eb-5507c9147ccf', NULL, NULL, NULL, NULL, NULL, NULL, NULL, NULL, '2025-12-11 12:33:11', '2025-12-11 12:33:11', NULL, NULL);
INSERT INTO tabular.projects VALUES ('ea44b488-6045-4663-a055-87febc7329ff', 'Conservation et gestion participative de l''Aire Protégée de Messok Dja et de sa périphérie au CONGO', 'Libreville', '5197d1e6-6442-4bf9-8597-f43db3bb5b8c', '2018-07-01 00:00:00', '2022-03-31 00:00:00', NULL, NULL, '335db174-a66a-4b46-aa86-ab79745d04c9', '4ca1db3f-9e82-483a-b5eb-5507c9147ccf', NULL, NULL, NULL, NULL, NULL, NULL, NULL, NULL, '2025-12-11 12:34:41', '2025-12-11 12:34:41', NULL, NULL);
INSERT INTO tabular.projects VALUES ('d3bf520a-d8f4-43c5-b62d-0be5d8dbbf94', 'Conservation of great apes in Souanke Sembe forest', 'Sembé', '1e4a6334-ea34-434c-a3bc-935c8038bed5', '2017-01-01 00:00:00', '2020-09-30 00:00:00', NULL, NULL, '335db174-a66a-4b46-aa86-ab79745d04c9', '4ca1db3f-9e82-483a-b5eb-5507c9147ccf', NULL, NULL, NULL, NULL, NULL, NULL, NULL, NULL, '2025-12-11 12:39:43', '2025-12-11 12:39:43', NULL, NULL);
INSERT INTO tabular.projects VALUES ('0df4938a-57a5-4bb2-91c9-b409ed7f0acd', 'Contribution to an impact-driver monitoring programme in the Congo Basin', 'Yaoundé', 'f1ccfef1-2066-4c5b-903f-ed3212b16a28', '2012-01-01 00:00:00', '2022-12-31 00:00:00', NULL, NULL, '335db174-a66a-4b46-aa86-ab79745d04c9', '4ca1db3f-9e82-483a-b5eb-5507c9147ccf', NULL, NULL, NULL, NULL, NULL, NULL, NULL, NULL, '2025-12-11 12:43:21', '2025-12-11 12:43:21', NULL, NULL);
INSERT INTO tabular.projects VALUES ('6227dff8-6543-4b3d-892d-a1a7820643db', 'Convention de Partenariat Pluriannuel - Conservation Inclusive de La Biodiversité et des écosystèmes par les Communautés Locales', 'Yaoundé', 'f1ccfef1-2066-4c5b-903f-ed3212b16a28', '2023-01-06 00:00:00', '2027-06-27 00:00:00', NULL, NULL, '335db174-a66a-4b46-aa86-ab79745d04c9', '4ca1db3f-9e82-483a-b5eb-5507c9147ccf', NULL, NULL, NULL, NULL, NULL, NULL, NULL, NULL, '2025-12-11 12:45:47', '2025-12-11 12:45:47', NULL, NULL);
INSERT INTO tabular.projects VALUES ('9fe57e88-18d9-4cdc-8c2a-ecb6aeeeafd6', 'Coordinating efforts to tackle Wildlife Crime in Central Africa/supporting the wildlife crime hub for demonstrating conservation impacts in the Congo Basin', 'Yaoundé', 'f1ccfef1-2066-4c5b-903f-ed3212b16a28', '2023-07-01 00:00:00', '2022-06-30 00:00:00', NULL, NULL, '335db174-a66a-4b46-aa86-ab79745d04c9', '4ca1db3f-9e82-483a-b5eb-5507c9147ccf', NULL, NULL, NULL, NULL, NULL, NULL, NULL, NULL, '2025-12-11 12:48:40', '2025-12-11 12:48:40', NULL, NULL);
INSERT INTO tabular.projects VALUES ('5651e4ad-5bcc-44f7-91cb-99e406ece388', 'Création de l''aire protégée de Momba et du corridor Ivindo_Momba_Mwgna', NULL, '5197d1e6-6442-4bf9-8597-f43db3bb5b8c', '2022-06-20 00:00:00', '2024-12-31 00:00:00', 943963.5, '2893541d-843a-4f7f-af5c-5a1f8593bf06', 'a8b40be0-b876-4a06-9578-b88902558582', '4ca1db3f-9e82-483a-b5eb-5507c9147ccf', NULL, 'Christopher Orbell', 'corbell@panthera.org', '+241 77 11 49 73', 'Delphine Laura ABESSOLO', 'labessolo@panthera.org', '+241 77 61 64 41', NULL, '2025-12-11 12:54:52', '2025-12-11 12:54:52', NULL, NULL);
INSERT INTO tabular.projects VALUES ('22279ff7-158e-41cf-b7d7-8239fbe1fabf', 'Education environnementale et production de cacao en périphérie nord de la Réserve de Biosphère du Dja (DJA)', NULL, 'f1ccfef1-2066-4c5b-903f-ed3212b16a28', '2013-04-03 00:00:00', '2015-04-03 00:00:00', 103000, '2893541d-843a-4f7f-af5c-5a1f8593bf06', '3b59a09b-f38f-48f9-9119-a78a7225dccd', '4ca1db3f-9e82-483a-b5eb-5507c9147ccf', NULL, NULL, NULL, NULL, NULL, NULL, NULL, 'Eviter la déforestation pour la production de cacao tout en offrant une source de revenus aux producteurs, d’appuyer les producteurs de cacao dans leur structuration pour l’écoulement des produits, de promouvoir l’éducation environnementale portant sur les grands singes dans les écoles primaires à la périphérie nord de la RBD.', '2025-12-12 11:41:03', '2025-12-12 11:41:03', NULL, NULL);
INSERT INTO tabular.projects VALUES ('ef3ea5f3-a340-4b82-8244-98a4d51fcfa1', 'Environmental and Social Safeguard Framework (ESSF)', NULL, '5197d1e6-6442-4bf9-8597-f43db3bb5b8c', '2019-11-01 00:00:00', '2020-06-30 00:00:00', NULL, NULL, '335db174-a66a-4b46-aa86-ab79745d04c9', '4ca1db3f-9e82-483a-b5eb-5507c9147ccf', NULL, NULL, NULL, NULL, NULL, NULL, NULL, NULL, '2025-12-12 11:49:42', '2025-12-12 11:49:42', NULL, NULL);
INSERT INTO tabular.projects VALUES ('c68afa90-c6e4-4b52-b1da-0a40f25626e3', 'Environmental and Social Safeguards Framework(ESSF) TRIDOM Gabon (Minkebe)', NULL, '5197d1e6-6442-4bf9-8597-f43db3bb5b8c', '2021-01-01 00:00:00', '2022-06-30 00:00:00', NULL, NULL, '335db174-a66a-4b46-aa86-ab79745d04c9', '4ca1db3f-9e82-483a-b5eb-5507c9147ccf', NULL, NULL, NULL, NULL, NULL, NULL, NULL, NULL, '2025-12-12 11:52:43', '2025-12-12 11:52:43', NULL, NULL);
INSERT INTO tabular.projects VALUES ('515b7662-b5a0-475c-a498-2577db97f2ce', 'Forest foresight', NULL, '5197d1e6-6442-4bf9-8597-f43db3bb5b8c', '2021-01-01 00:00:00', '2023-12-31 00:00:00', NULL, NULL, '335db174-a66a-4b46-aa86-ab79745d04c9', '4ca1db3f-9e82-483a-b5eb-5507c9147ccf', NULL, NULL, NULL, NULL, NULL, NULL, NULL, NULL, '2025-12-12 11:54:10', '2025-12-12 11:54:10', NULL, NULL);
INSERT INTO tabular.projects VALUES ('ae56de73-f3c4-4ba3-8e3f-eca695177e3d', 'Forest Governance, Market and Climate (FGMC) Programme', NULL, '5197d1e6-6442-4bf9-8597-f43db3bb5b8c', '2018-01-07 00:00:00', '2021-06-30 00:00:00', NULL, NULL, '335db174-a66a-4b46-aa86-ab79745d04c9', '4ca1db3f-9e82-483a-b5eb-5507c9147ccf', NULL, NULL, NULL, NULL, NULL, NULL, NULL, NULL, '2025-12-12 11:55:32', '2025-12-12 11:55:32', NULL, NULL);
INSERT INTO tabular.projects VALUES ('c077aa49-c4bc-4dc7-b8c6-db7ac9ded479', 'Formation des écogardes', NULL, '079fad94-17ca-4812-9cac-83d77855ae9c', '2022-07-01 00:00:00', '2022-09-30 00:00:00', NULL, NULL, '335db174-a66a-4b46-aa86-ab79745d04c9', '4ca1db3f-9e82-483a-b5eb-5507c9147ccf', NULL, NULL, NULL, NULL, NULL, NULL, NULL, NULL, '2025-12-12 11:57:28', '2025-12-12 11:57:28', NULL, NULL);
INSERT INTO tabular.projects VALUES ('e739126e-3539-4ce2-888d-fb13764cfa81', 'Global civil society implementation of EUDR', 'Brazzaville', '30504452-2cc6-48a7-8b9c-c961daa7ad26', NULL, NULL, NULL, NULL, '1d934cae-6284-43d7-93b4-1ed3aa5bb7be', '4ca1db3f-9e82-483a-b5eb-5507c9147ccf', NULL, 'Maixent Fortunin AGNIMBAT EMEKA', NULL, NULL, 'André ITOUA', 'andreitoualovoua@gmail.com', '00242064433433', NULL, '2025-12-12 12:03:43', '2025-12-12 12:03:43', NULL, NULL);
INSERT INTO tabular.projects VALUES ('190f65b3-4c53-4c88-a219-96a1c845ba81', 'Improving Logistics Facility to Support Jengi TRIDOM Biomonitoring Programme', NULL, NULL, '2019-12-10 00:00:00', '2020-06-30 00:00:00', NULL, NULL, '335db174-a66a-4b46-aa86-ab79745d04c9', '4ca1db3f-9e82-483a-b5eb-5507c9147ccf', NULL, NULL, NULL, NULL, NULL, NULL, NULL, NULL, '2025-12-12 12:37:07', '2025-12-12 12:37:07', NULL, NULL);
INSERT INTO tabular.projects VALUES ('a4204985-bbdb-435c-9394-19981a5d2a91', 'Integrated Drivers', 'Libreville', '5197d1e6-6442-4bf9-8597-f43db3bb5b8c', NULL, '2021-06-30 00:00:00', NULL, NULL, '335db174-a66a-4b46-aa86-ab79745d04c9', '4ca1db3f-9e82-483a-b5eb-5507c9147ccf', NULL, NULL, NULL, NULL, NULL, NULL, NULL, NULL, '2025-12-12 12:38:30', '2025-12-12 12:38:30', NULL, NULL);
INSERT INTO tabular.projects VALUES ('2ecbbb8f-3033-47ac-a115-d08fcf86c893', 'Jengi Tridom Cameroon FY24-FY26', NULL, 'f1ccfef1-2066-4c5b-903f-ed3212b16a28', '2023-07-01 00:00:00', '2026-06-30 00:00:00', NULL, NULL, '335db174-a66a-4b46-aa86-ab79745d04c9', '4ca1db3f-9e82-483a-b5eb-5507c9147ccf', NULL, NULL, NULL, NULL, NULL, NULL, NULL, NULL, '2025-12-12 12:40:43', '2025-12-12 12:40:43', NULL, NULL);
INSERT INTO tabular.projects VALUES ('4f2c56ba-435d-427e-8d2a-c61f0e097c7b', 'Landscape Finance Coordinator', NULL, '5197d1e6-6442-4bf9-8597-f43db3bb5b8c', '2018-10-01 00:00:00', '2021-09-30 00:00:00', NULL, NULL, '335db174-a66a-4b46-aa86-ab79745d04c9', '4ca1db3f-9e82-483a-b5eb-5507c9147ccf', NULL, NULL, NULL, NULL, NULL, NULL, NULL, NULL, '2025-12-12 12:41:45', '2025-12-12 12:41:45', NULL, NULL);
INSERT INTO tabular.projects VALUES ('c75edc1b-d8b3-49c7-9213-d8491d252f45', 'Minkebe Conservation  Programme  NL', NULL, NULL, '2022-07-01 00:00:00', '2025-06-30 00:00:00', NULL, NULL, '335db174-a66a-4b46-aa86-ab79745d04c9', '4ca1db3f-9e82-483a-b5eb-5507c9147ccf', NULL, NULL, NULL, NULL, NULL, NULL, NULL, NULL, '2025-12-12 12:45:47', '2025-12-12 12:45:47', NULL, NULL);
INSERT INTO tabular.projects VALUES ('2495557e-a2ae-4ad3-ba98-49238050d1ec', 'Payment for Ecosystem Services (Biodiversity) in the North of RoC', NULL, NULL, '2022-11-01 00:00:00', '2023-08-31 00:00:00', NULL, NULL, '335db174-a66a-4b46-aa86-ab79745d04c9', '4ca1db3f-9e82-483a-b5eb-5507c9147ccf', NULL, NULL, NULL, NULL, NULL, NULL, NULL, NULL, '2025-12-12 12:48:57', '2025-12-12 12:48:57', NULL, NULL);
INSERT INTO tabular.projects VALUES ('4123ed70-47a8-49db-937a-a1daa30a187a', 'Plateaux Batéké National Park Support', 'New York', '5197d1e6-6442-4bf9-8597-f43db3bb5b8c', '2017-01-07 00:00:00', '2025-12-31 00:00:00', 1589000, '2893541d-843a-4f7f-af5c-5a1f8593bf06', 'a8b40be0-b876-4a06-9578-b88902558582', '4ca1db3f-9e82-483a-b5eb-5507c9147ccf', NULL, 'Ngoubangoye Christine Sandra', 'sngoubangoye@panthera.org', '+24177836225', 'Abessolo Laura', 'labessolo@panthera.org', '+24177616441', 'Secure the Plateaux Batéké National Park and key sites, monitor wildlife, restore a lion population and involve local communities living on the periphery.', '2025-12-12 12:52:37', '2025-12-12 12:52:37', NULL, NULL);
INSERT INTO tabular.projects VALUES ('00c59a6b-f540-45ed-a6eb-a2db847077b9', 'Programme d''Appui à la surveillance et à la valorisation du Parc National d''Odzala-Kokoua (Odzala-Kokoua / APN)', NULL, '1e4a6334-ea34-434c-a3bc-935c8038bed5', '2011-12-22 00:00:00', '2016-03-31 00:00:00', 5555555, '2893541d-843a-4f7f-af5c-5a1f8593bf06', '9c476c0f-77e8-4236-aa36-21061c2ad7d0', '4ca1db3f-9e82-483a-b5eb-5507c9147ccf', NULL, NULL, NULL, NULL, NULL, NULL, NULL, 'Contribuer à la bonne gouvernance des ressources naturelles et à la diversification de l''utilisation des forêts tropicale par la promotion d''un éco-tourisme respectueux des cultures et de l''environnement en République du Congo', '2025-12-12 13:02:42', '2025-12-12 13:02:42', NULL, NULL);
INSERT INTO tabular.projects VALUES ('3331cd2d-8e44-4962-a524-6dcce866b9fc', 'Programme d''appui pour la préservation de la biodiversité et les écosystèmes fragiles (ECOFAC 6)', NULL, 'f1ccfef1-2066-4c5b-903f-ed3212b16a28', '2017-07-28 00:00:00', '2022-01-29 00:00:00', 2000000, '2893541d-843a-4f7f-af5c-5a1f8593bf06', '361431a4-f00e-4f8f-95d5-b0edca3aa73f', '4ca1db3f-9e82-483a-b5eb-5507c9147ccf', NULL, NULL, NULL, NULL, NULL, NULL, NULL, 'La Resserve Faune Dja (RFD) et son territoire environnant fonctionnent comme un réservoir extraordinaire pour la biodiversité de l’Afrique Centrale et représente un environnement durable pour les populations riveraines dans sa périphérie.', '2025-12-12 13:54:47', '2025-12-12 13:54:47', NULL, NULL);
INSERT INTO tabular.projects VALUES ('dd2768b3-4853-4015-ac46-2bd3fe7e849f', 'Projet paysage forestier du Nord-Congo (PPFNC)', NULL, '1e4a6334-ea34-434c-a3bc-935c8038bed5', '2024-11-25 00:00:00', '2024-11-25 00:00:00', NULL, NULL, 'c0075b3e-82b7-423d-a297-03ac7806ff3f', '4ca1db3f-9e82-483a-b5eb-5507c9147ccf', NULL, NULL, NULL, NULL, NULL, NULL, NULL, NULL, '2025-12-12 14:23:16', '2025-12-12 14:23:16', NULL, NULL);
INSERT INTO tabular.projects VALUES ('e22b064f-1a4b-420c-be82-6e52df9ec9ca', 'Projet TRIDOM Congo', NULL, '1e4a6334-ea34-434c-a3bc-935c8038bed5', NULL, NULL, NULL, NULL, 'c07779f4-f6a2-4c25-91df-a678aa6437c6', '4ca1db3f-9e82-483a-b5eb-5507c9147ccf', NULL, NULL, NULL, NULL, NULL, NULL, NULL, 'Assurer un équilibre entre la préservation de l''environnement et le développement socio-économique dans TRIDOM', '2025-12-12 14:44:29', '2025-12-12 14:44:29', NULL, NULL);
INSERT INTO tabular.projects VALUES ('ce7cd2ac-9e1d-4ed8-86dc-708570dab05f', 'Promotion des petites et moyennes entreprises pour l''amélioration du bien être social', 'Brazzaville', '1e4a6334-ea34-434c-a3bc-935c8038bed5', NULL, NULL, NULL, NULL, '71ee9626-4f9e-497e-9e3a-609df0af201b', '4ca1db3f-9e82-483a-b5eb-5507c9147ccf', NULL, NULL, NULL, 'Petrus Comestor', 'Ngavouka Pacome', NULL, '+242 068 899 700', 'Mettre fin à l''extrême pauvreté dans le monde et permettre aux sociétés démocratiques résilientes de réaliser leur potentiel.', '2025-12-15 08:17:44', '2025-12-15 08:17:44', NULL, NULL);
INSERT INTO tabular.projects VALUES ('a68cac60-7773-4071-804b-826e596e7f7c', 'Protecting the Dja conservation complex a world heritage site in danger and a conservation priority landscape for the African elephant (USFWS-AFE1401)', NULL, 'f1ccfef1-2066-4c5b-903f-ed3212b16a28', '2014-08-29 00:00:00', '2017-03-31 00:00:00', 183865.23, '2893541d-843a-4f7f-af5c-5a1f8593bf06', 'ecb030c5-2b1c-4b48-afcc-e9b73ef832be', '4ca1db3f-9e82-483a-b5eb-5507c9147ccf', NULL, NULL, NULL, NULL, NULL, NULL, NULL, 'To reduce illegal poaching in and around the Dja Biosphere Reserve, Cameroon.', '2025-12-15 08:22:07', '2025-12-15 08:22:07', NULL, NULL);
INSERT INTO tabular.projects VALUES ('592fd138-21b5-445d-b2c6-4fb98fbc0647', 'Quick Policy in Practice assessment for TRIDOM INT/GOVERNANCE CAPACITY FUNDS', 'Project field', '079fad94-17ca-4812-9cac-83d77855ae9c', '2019-07-01 00:00:00', '2019-12-31 00:00:00', NULL, NULL, '335db174-a66a-4b46-aa86-ab79745d04c9', '4ca1db3f-9e82-483a-b5eb-5507c9147ccf', NULL, NULL, NULL, NULL, NULL, NULL, NULL, NULL, '2025-12-15 08:24:45', '2025-12-15 08:24:45', NULL, NULL);
INSERT INTO tabular.projects VALUES ('c6211eeb-b590-4a55-9ec1-4b9ff0d1b4ff', 'Réduction de la déforestation et de la dégradation dans le Massif Forestier de Ngoyla-Mintom (N-M) par la mise en oeuvre d’une gestion durable intégrée dans le cadre du paysage tri-national Dja – Odzala – Minkebe (TRIDOM)', 'Yaoundé', 'f1ccfef1-2066-4c5b-903f-ed3212b16a28', '2010-10-03 00:00:00', '2015-10-03 00:00:00', 2500000, NULL, '335db174-a66a-4b46-aa86-ab79745d04c9', '4ca1db3f-9e82-483a-b5eb-5507c9147ccf', NULL, NULL, NULL, NULL, NULL, NULL, NULL, 'Préserver la biodiversité et les stocks de carbone dans le Bassin du Congo et faire contribuer les populations locales et autochtones.au développement socio économique par leur mise en valeur', '2025-12-15 08:32:46', '2025-12-15 08:32:46', NULL, NULL);
INSERT INTO tabular.projects VALUES ('3de79ff2-f39e-4404-8b2d-45bd7504534d', 'Regional Forest Programme', NULL, 'f1ccfef1-2066-4c5b-903f-ed3212b16a28', '2020-07-01 00:00:00', '2022-06-30 00:00:00', NULL, NULL, '335db174-a66a-4b46-aa86-ab79745d04c9', '4ca1db3f-9e82-483a-b5eb-5507c9147ccf', NULL, NULL, NULL, NULL, NULL, NULL, NULL, NULL, '2025-12-15 08:39:39', '2025-12-15 08:39:39', NULL, NULL);
INSERT INTO tabular.projects VALUES ('331c96fd-249e-4ee0-b9fd-f4a879e2b59a', 'Renforcement et institutionnalisation de l''Observatoire des Forêts d''Afrique centrale', NULL, '079fad94-17ca-4812-9cac-83d77855ae9c', '2017-07-01 00:00:00', '2023-12-31 00:00:00', 4000000, '8f52a997-59c9-488b-b2cd-7c8dfa301bb4', 'bef8e6d5-90cd-4eda-9341-d55a40b6a6f4', '4ca1db3f-9e82-483a-b5eb-5507c9147ccf', NULL, 'Florence Palla', 'fpalla@observatoire-comifac.net', NULL, 'Loïc KENMOU', 'lkenmou@observatoire-comifac.net', NULL, 'Mettre à disposition des informations actualisées et crédibles sur les forêts et les écosystèmes d’Afrique Centrale, utilisées par les gouvernements et les acteurs de la gestion forestière et environnementale dans leurs prises de décisions.', '2025-12-15 08:43:17', '2025-12-15 08:43:17', NULL, NULL);
INSERT INTO tabular.projects VALUES ('6d3a9383-b466-4a04-965c-5a21cbdfc49a', 'Stop deforestation in Central Africa', NULL, '079fad94-17ca-4812-9cac-83d77855ae9c', '2021-11-01 00:00:00', '2022-10-31 00:00:00', NULL, NULL, '335db174-a66a-4b46-aa86-ab79745d04c9', '4ca1db3f-9e82-483a-b5eb-5507c9147ccf', NULL, NULL, NULL, NULL, NULL, NULL, NULL, NULL, '2025-12-15 08:48:30', '2025-12-15 08:48:30', NULL, NULL);
INSERT INTO tabular.projects VALUES ('f1d9f9c8-036c-4fb0-860c-cc016ce9f219', 'Strengthen indigenous peoples'' participation in protected area management and decision-making process  of natural resources and conservation in TNS, TRIDOM, Camp Ma’an', NULL, 'f1ccfef1-2066-4c5b-903f-ed3212b16a28', '2017-10-01 00:00:00', '2020-11-30 00:00:00', NULL, NULL, '335db174-a66a-4b46-aa86-ab79745d04c9', '4ca1db3f-9e82-483a-b5eb-5507c9147ccf', NULL, NULL, NULL, NULL, NULL, NULL, NULL, NULL, '2025-12-15 08:50:46', '2025-12-15 08:50:46', NULL, NULL);
INSERT INTO tabular.projects VALUES ('fb822f7d-f49d-44ba-99cc-19ced38e68bc', 'Strengthen indigenous peoples'' participation in protected area management and decision-making process on issues of sustainable NRM and conservation in TNS, TRIDOM, Campo Ma’an – Phase 2', NULL, '079fad94-17ca-4812-9cac-83d77855ae9c', '2019-12-01 00:00:00', '2020-11-30 00:00:00', NULL, NULL, '335db174-a66a-4b46-aa86-ab79745d04c9', '4ca1db3f-9e82-483a-b5eb-5507c9147ccf', NULL, NULL, NULL, NULL, NULL, NULL, NULL, NULL, '2025-12-15 08:53:01', '2025-12-15 08:53:01', NULL, NULL);
INSERT INTO tabular.projects VALUES ('9c19743a-3f3f-4925-adc1-501b7526a08e', 'Support to agriculture and green growth coordination – Ludovic Miaro', NULL, '079fad94-17ca-4812-9cac-83d77855ae9c', '2021-07-01 00:00:00', '2022-06-30 00:00:00', NULL, NULL, '335db174-a66a-4b46-aa86-ab79745d04c9', '4ca1db3f-9e82-483a-b5eb-5507c9147ccf', NULL, NULL, NULL, NULL, NULL, NULL, NULL, NULL, '2025-12-15 08:55:34', '2025-12-15 08:55:34', NULL, NULL);
INSERT INTO tabular.projects VALUES ('ce0606e0-c9d6-4ad8-a1f4-d98f81318a1e', 'Supporting the identification of Key Biodiversity Areas in the Congo Basin supported Landscapes /INT/WILDLIFE CAPACITY FUNDS', NULL, '079fad94-17ca-4812-9cac-83d77855ae9c', '2021-07-01 00:00:00', '2022-06-30 00:00:00', NULL, NULL, '335db174-a66a-4b46-aa86-ab79745d04c9', '4ca1db3f-9e82-483a-b5eb-5507c9147ccf', NULL, NULL, NULL, NULL, NULL, NULL, NULL, NULL, '2025-12-15 08:58:44', '2025-12-15 08:58:44', NULL, NULL);
INSERT INTO tabular.projects VALUES ('33317e18-70b9-4bbc-899a-9bc779da4270', 'Taking the Fight to the Traffickers: A Transnational Approach to Fighting Forest Elephant Poaching in the TRIDOM (USFWS-AFR1553)', NULL, '079fad94-17ca-4812-9cac-83d77855ae9c', '2015-07-27 00:00:00', '2017-09-30 00:00:00', 163234.33, '2893541d-843a-4f7f-af5c-5a1f8593bf06', '114e981f-657d-471f-b06e-ada43e53609b', '4ca1db3f-9e82-483a-b5eb-5507c9147ccf', NULL, NULL, NULL, NULL, NULL, NULL, NULL, NULL, '2025-12-15 09:14:55', '2025-12-15 09:14:55', NULL, NULL);
INSERT INTO tabular.projects VALUES ('52848aae-e7dc-4dd8-9c7e-3242cf3ff38c', 'TRIDOM Cameroon (Jengi)', 'Yaoundé', '079fad94-17ca-4812-9cac-83d77855ae9c', '2014-07-01 00:00:00', '2017-06-30 00:00:00', NULL, NULL, '335db174-a66a-4b46-aa86-ab79745d04c9', '4ca1db3f-9e82-483a-b5eb-5507c9147ccf', NULL, NULL, NULL, NULL, NULL, NULL, NULL, NULL, '2025-12-15 09:17:58', '2025-12-15 09:17:58', NULL, NULL);
INSERT INTO tabular.projects VALUES ('c990c0fa-68dd-4e04-98bb-23dbff0ddda7', 'TRIDOM Cameroon Emergency fund pondo patrol', 'Yaoundé', 'f1ccfef1-2066-4c5b-903f-ed3212b16a28', '2017-02-01 00:00:00', '2017-06-30 00:00:00', NULL, NULL, '335db174-a66a-4b46-aa86-ab79745d04c9', '4ca1db3f-9e82-483a-b5eb-5507c9147ccf', NULL, NULL, NULL, NULL, NULL, NULL, NULL, NULL, '2025-12-15 09:31:36', '2025-12-15 09:31:36', NULL, NULL);
INSERT INTO tabular.projects VALUES ('d3ac31be-eb8d-4b92-bd38-15d856f01aa7', 'TRIDOM Cameroon FY21-22', NULL, NULL, '2020-07-01 00:00:00', '2022-06-30 00:00:00', NULL, NULL, '335db174-a66a-4b46-aa86-ab79745d04c9', '4ca1db3f-9e82-483a-b5eb-5507c9147ccf', NULL, NULL, NULL, NULL, NULL, NULL, NULL, NULL, '2025-12-15 09:44:39', '2025-12-15 09:44:39', NULL, NULL);
INSERT INTO tabular.projects VALUES ('b2361a28-8003-4f3c-869d-c1c1fb59103a', 'TRIDOM Cameroon transboundary elephant security project', 'Yaoundé', 'f1ccfef1-2066-4c5b-903f-ed3212b16a28', '2016-09-30 00:00:00', '2017-09-30 00:00:00', 119544.08, '2893541d-843a-4f7f-af5c-5a1f8593bf06', '335db174-a66a-4b46-aa86-ab79745d04c9', '4ca1db3f-9e82-483a-b5eb-5507c9147ccf', NULL, NULL, NULL, NULL, NULL, NULL, NULL, 'To support a conservation effort in Minkebe National Park in Gabon and the Nki Messok Dja transboundary complex between Cameroon and the Republic of the Congo by establishing multi-agency law enforcement actions and strategic coordination in order to dismantle criminal transboundary networks. This project is intended to conserve forest elephants by addressing the impacts of ivory trafficking and poaching networks in the core of the Tri-national Dja-Odzala-Minkebe (TRIDOM) forest landscape.', '2025-12-16 09:18:00', '2025-12-16 09:18:00', NULL, NULL);
INSERT INTO tabular.projects VALUES ('f2d2c2a7-4799-49f4-82dc-3ed886053c5d', 'Tridom Cameroon Transboundary Elephant Security Project- Phase ii', NULL, 'f1ccfef1-2066-4c5b-903f-ed3212b16a28', '2018-09-18 00:00:00', '2022-06-30 00:00:00', NULL, NULL, '335db174-a66a-4b46-aa86-ab79745d04c9', '4ca1db3f-9e82-483a-b5eb-5507c9147ccf', NULL, NULL, NULL, NULL, NULL, NULL, NULL, NULL, '2025-12-16 09:27:52', '2025-12-16 09:27:52', NULL, NULL);
INSERT INTO tabular.projects VALUES ('9b0a49a4-dc49-4409-869b-6fd771ed3769', 'TRIDOM Deputy Landscape Leader FY 22 (INT/FOREST)', NULL, '079fad94-17ca-4812-9cac-83d77855ae9c', '2021-07-01 00:00:00', '2022-06-30 00:00:00', NULL, NULL, '335db174-a66a-4b46-aa86-ab79745d04c9', '4ca1db3f-9e82-483a-b5eb-5507c9147ccf', NULL, NULL, NULL, NULL, NULL, NULL, NULL, NULL, '2025-12-16 09:30:36', '2025-12-16 09:30:36', NULL, NULL);
INSERT INTO tabular.projects VALUES ('33a7a21f-11da-430c-bba8-dbf1ebbea506', 'TRIDOM Gabon (Minkebe) FY20-22', NULL, '5197d1e6-6442-4bf9-8597-f43db3bb5b8c', '2019-07-01 00:00:00', '2025-06-30 00:00:00', NULL, NULL, '335db174-a66a-4b46-aa86-ab79745d04c9', '4ca1db3f-9e82-483a-b5eb-5507c9147ccf', NULL, NULL, NULL, NULL, NULL, NULL, NULL, NULL, '2025-12-16 09:32:24', '2025-12-16 09:32:24', NULL, NULL);
INSERT INTO tabular.projects VALUES ('fb681cc6-7fde-4eb0-93ac-6a434a204317', 'TRIDOM INCLUSIVE CONSERVATION FY23-24', NULL, 'f1ccfef1-2066-4c5b-903f-ed3212b16a28', '2022-07-01 00:00:00', '2024-06-30 00:00:00', NULL, NULL, '335db174-a66a-4b46-aa86-ab79745d04c9', '4ca1db3f-9e82-483a-b5eb-5507c9147ccf', NULL, NULL, NULL, NULL, NULL, NULL, NULL, NULL, '2025-12-16 09:34:01', '2025-12-16 09:34:01', NULL, NULL);
INSERT INTO tabular.projects VALUES ('0dd8ce98-c98d-4897-800a-352046c65c2e', 'Tridom Inclusive Conservation in the Congo Basin', 'Yaoundé', '079fad94-17ca-4812-9cac-83d77855ae9c', '2023-01-01 00:00:00', '2024-06-30 00:00:00', NULL, NULL, '335db174-a66a-4b46-aa86-ab79745d04c9', '4ca1db3f-9e82-483a-b5eb-5507c9147ccf', NULL, NULL, NULL, NULL, NULL, NULL, NULL, NULL, '2025-12-16 09:35:51', '2025-12-16 09:35:51', NULL, NULL);
INSERT INTO tabular.projects VALUES ('3b477dd9-1efb-4595-a3c3-a1a3c2eb3d97', 'TRIDOM Network Coordinator', NULL, '5197d1e6-6442-4bf9-8597-f43db3bb5b8c', '2019-07-01 00:00:00', '2021-06-30 00:00:00', NULL, NULL, '335db174-a66a-4b46-aa86-ab79745d04c9', '4ca1db3f-9e82-483a-b5eb-5507c9147ccf', NULL, NULL, NULL, NULL, NULL, NULL, NULL, NULL, '2025-12-16 09:39:26', '2025-12-16 09:39:26', NULL, NULL);
INSERT INTO tabular.projects VALUES ('a6a4f8b4-cf18-4373-bb40-9436d8c17738', 'TRIDOM Technical Support and Coordination FY23-25', NULL, 'f1ccfef1-2066-4c5b-903f-ed3212b16a28', '2022-07-01 00:00:00', '2025-06-30 00:00:00', NULL, NULL, '335db174-a66a-4b46-aa86-ab79745d04c9', '4ca1db3f-9e82-483a-b5eb-5507c9147ccf', NULL, NULL, NULL, NULL, NULL, NULL, NULL, NULL, '2025-12-16 09:43:15', '2025-12-16 09:43:15', NULL, NULL);
INSERT INTO tabular.projects VALUES ('182dae17-6fb4-4854-bbbc-ad8f3f80e2ac', 'Valorisation de produits des agro-forestiers à la périphérie de la Réserve de Biosphère du Djà (DJA)', NULL, 'f1ccfef1-2066-4c5b-903f-ed3212b16a28', '2015-09-03 00:00:00', '2017-09-03 00:00:00', NULL, NULL, '3b59a09b-f38f-48f9-9119-a78a7225dccd', '4ca1db3f-9e82-483a-b5eb-5507c9147ccf', NULL, NULL, NULL, NULL, NULL, NULL, NULL, 'Poursuivre le même modèle de développement (compréhension locale des enjeux environnementaux et développement d’un tissu économique compatible avec la conservation des ressources) qui repose sur l’agriculture familiale et la valorisation des PFNL', '2025-12-16 09:59:51', '2025-12-16 09:59:51', NULL, NULL);
INSERT INTO tabular.projects VALUES ('b467551d-2ffd-42ff-9361-d0e485949b60', 'Valorisation des PFNL et amélioration de la gouvernance locale dans 4 forêts communautaires de la Réserve de Biosphère du Dja (PFNL)', NULL, 'f1ccfef1-2066-4c5b-903f-ed3212b16a28', '2017-10-27 00:00:00', '2019-10-27 00:00:00', 138734, '8f52a997-59c9-488b-b2cd-7c8dfa301bb4', '84bc52f0-09d3-4838-88e6-77f9f50f5bc5', '4ca1db3f-9e82-483a-b5eb-5507c9147ccf', NULL, 'Miranda AKONGONGOL', 'aafebeno@yahoo.com', NULL, NULL, NULL, NULL, 'Encourager les projets d’entrepreneuriat féminin, avec une forte composante de minorité ethnique', '2025-12-16 10:13:45', '2025-12-16 10:13:45', NULL, NULL);
INSERT INTO tabular.projects VALUES ('d04f9d5a-579c-4ab1-b61d-3d25a9c727a4', 'Wildlife Corridors & Core Areas in the Sangha Tri-National Landscape and Northern Congo – TRIDOM Congo Interzone (ETIC)', NULL, '1e4a6334-ea34-434c-a3bc-935c8038bed5', '2018-10-01 00:00:00', '2019-09-30 00:00:00', NULL, NULL, '335db174-a66a-4b46-aa86-ab79745d04c9', '4ca1db3f-9e82-483a-b5eb-5507c9147ccf', NULL, NULL, NULL, NULL, NULL, NULL, NULL, NULL, '2025-12-16 10:25:02', '2025-12-16 10:25:02', NULL, NULL);
INSERT INTO tabular.projects VALUES ('3481c438-3a64-4c90-b3dd-062d12bc57db', 'Wildlife Crime hub Central Africa FY21-22 (TRIDOM)', NULL, '079fad94-17ca-4812-9cac-83d77855ae9c', '2020-07-01 00:00:00', '2022-06-30 00:00:00', NULL, NULL, '335db174-a66a-4b46-aa86-ab79745d04c9', '4ca1db3f-9e82-483a-b5eb-5507c9147ccf', NULL, NULL, NULL, NULL, NULL, NULL, NULL, NULL, '2025-12-16 10:29:26', '2025-12-16 10:29:26', NULL, NULL);
INSERT INTO tabular.projects VALUES ('8faa2854-969f-4d54-ac70-fd10cff7dac0', 'Wildlife Crime hub Central Africa FY21-22 (CAMEROUN)', NULL, 'f1ccfef1-2066-4c5b-903f-ed3212b16a28', '2020-07-01 00:00:00', '2022-06-30 00:00:00', NULL, NULL, '335db174-a66a-4b46-aa86-ab79745d04c9', '4ca1db3f-9e82-483a-b5eb-5507c9147ccf', NULL, NULL, NULL, NULL, NULL, NULL, NULL, NULL, '2025-12-16 10:30:24', '2025-12-16 10:30:24', NULL, NULL);
INSERT INTO tabular.projects VALUES ('854374e0-3769-4fb8-9274-4c3c0715e4b2', 'Wildlife trade programme Central Africa FY21-23', NULL, '079fad94-17ca-4812-9cac-83d77855ae9c', '2020-07-01 00:00:00', '2023-06-30 00:00:00', NULL, NULL, '335db174-a66a-4b46-aa86-ab79745d04c9', '4ca1db3f-9e82-483a-b5eb-5507c9147ccf', NULL, NULL, NULL, NULL, NULL, NULL, NULL, NULL, '2025-12-16 10:31:58', '2025-12-16 10:31:58', NULL, NULL);
INSERT INTO tabular.projects VALUES ('d230da0d-9df8-45ed-ae70-ef004965ffb5', 'Programme de gestion durable de la faune sauvage (SWM)', NULL, '1e4a6334-ea34-434c-a3bc-935c8038bed5', '2024-11-25 00:00:00', '2024-11-25 00:00:00', NULL, NULL, '0b8a543e-a719-4ab0-897e-375198659b31', '4ca1db3f-9e82-483a-b5eb-5507c9147ccf', NULL, NULL, NULL, NULL, NULL, NULL, NULL, 'Contribuer à la conservation de la faune et de la flore sauvage, des écosystèmes, d’améliorer les conditions de vie et la sécurité alimentaire des populations qui dépendent de ces ressources', '2025-12-16 10:41:16', '2025-12-16 10:41:16', NULL, NULL);
INSERT INTO tabular.projects VALUES ('13e4ef32-e5c1-4b18-a71f-9c8ede88121d', 'Projet CERCLE', NULL, '1e4a6334-ea34-434c-a3bc-935c8038bed5', '2024-11-25 00:00:00', '2024-11-25 00:00:00', NULL, NULL, '71ee9626-4f9e-497e-9e3a-609df0af201b', '4ca1db3f-9e82-483a-b5eb-5507c9147ccf', NULL, NULL, NULL, NULL, NULL, NULL, NULL, NULL, '2025-12-16 11:04:41', '2025-12-16 11:04:41', NULL, NULL);


--
-- TOC entry 6351 (class 0 OID 48525)
-- Dependencies: 294
-- Data for Name: site_indicator_values; Type: TABLE DATA; Schema: tabular; Owner: postgres
--



--
-- TOC entry 6350 (class 0 OID 48517)
-- Dependencies: 293
-- Data for Name: species; Type: TABLE DATA; Schema: tabular; Owner: postgres
--

INSERT INTO tabular.species VALUES ('1543d1fa-edc3-4d89-a6e3-9cf2656814a6', 'Chimpanzee');
INSERT INTO tabular.species VALUES ('057da5dc-3f68-4955-ac39-f3f95a388802', 'Aardvark');
INSERT INTO tabular.species VALUES ('3da43c95-8c19-474d-8626-258daddf0591', 'Forest Elephant');
INSERT INTO tabular.species VALUES ('f51c5d64-a5a0-4e09-8410-b4b19e3f30de', 'Gorilla');
INSERT INTO tabular.species VALUES ('995eaabd-1030-46d2-9804-7239a0b21395', 'Great Apes');
INSERT INTO tabular.species VALUES ('a1d61590-97a2-42a0-ba07-dbe45cdbe9f3', 'Buffalo');
INSERT INTO tabular.species VALUES ('512de508-1429-4cb2-832c-082cb2f761ec', 'Agile Mangabey');
INSERT INTO tabular.species VALUES ('e09357af-6268-41ae-945f-5a7fa298cf85', 'Mandrill');
INSERT INTO tabular.species VALUES ('ae428343-a9b7-4140-9a00-5ce5364fef61', 'Bongo');
INSERT INTO tabular.species VALUES ('4e3c3b39-3fcc-4f0b-b31c-4a4cb17959dc', 'Water Chevrotain');
INSERT INTO tabular.species VALUES ('8e7b99b4-7223-49a8-bf61-4f1d3ae902ab', 'Sitatunga');
INSERT INTO tabular.species VALUES ('cb781b8d-8cc9-40df-aa97-5dc0396e4f12', 'All Small Monkeys');
INSERT INTO tabular.species VALUES ('f9b4fa45-6922-4c58-b3e2-584541a14aae', 'Yellow-backed duiker');
INSERT INTO tabular.species VALUES ('914b9bfc-ee31-447d-bbd0-2dfbe0ea3217', 'Blue Duiker');
INSERT INTO tabular.species VALUES ('11de4ee9-efe7-4c09-9e47-482a052a70a5', 'Black-Bellied Pangolin');
INSERT INTO tabular.species VALUES ('3a2fcb94-ef28-4252-8667-410a8ee77f81', 'Red Duiker');
INSERT INTO tabular.species VALUES ('d0e5c8ab-64b1-4114-858e-47e46771c62d', 'Black Colobus');
INSERT INTO tabular.species VALUES ('1b32ef3f-e157-42e5-bd8c-14ce6be21ad9', 'Leopard');
INSERT INTO tabular.species VALUES ('8e80d497-4e9b-4058-bd16-7a76ac3ddb61', 'Forest Hogs');
INSERT INTO tabular.species VALUES ('7c1d2488-17c8-492d-9676-545890d88172', 'Red River Hog');
INSERT INTO tabular.species VALUES ('8c502a6a-0cd4-41ac-92cd-de3f83c8d34d', 'Suidea');
INSERT INTO tabular.species VALUES ('bfaf9458-8d1d-40ee-afae-2424956012c3', 'White-Bellied Pangolin');
INSERT INTO tabular.species VALUES ('ee616be2-1ca7-4ce3-967e-b6fdd9bfb0f6', 'Giant pangolin');
INSERT INTO tabular.species VALUES ('c8e23190-24f7-4fd2-b23f-d8638878f325', 'Grey-Cheeked Mangabey');
INSERT INTO tabular.species VALUES ('a592e568-764a-48d5-a9c5-7dfaa39ce63a', 'De Brazza''s Monkey');
INSERT INTO tabular.species VALUES ('d14add08-9b06-4aba-b42c-85fc80f60db3', 'Guereza');
INSERT INTO tabular.species VALUES ('966ba772-a137-43ea-95cd-9baa06d91719', 'Crowned Monkey');
INSERT INTO tabular.species VALUES ('420e35bc-e217-457d-ac32-07046fd1fa37', 'Putty Nosed Monkey');
INSERT INTO tabular.species VALUES ('28674876-404e-479e-b750-482faa468971', 'Mona Monkey');
INSERT INTO tabular.species VALUES ('2d3e0dc6-6a0d-487a-a80a-6f20aa4908d9', 'Moustached Monkey');
INSERT INTO tabular.species VALUES ('706bd92f-26bf-42c5-af0a-041d9a96f201', 'Northern Talapoin Monkey');
INSERT INTO tabular.species VALUES ('43c0a29d-f308-4d3d-b0e1-80c6e0c999dd', 'African Civet');
INSERT INTO tabular.species VALUES ('e5f9919d-b34b-43b7-9d04-50f3e12bb859', 'All Pangolins');
INSERT INTO tabular.species VALUES ('9b1158f3-3c37-430b-9911-1d65b6cff416', 'Duikers and Other Ungulates');
INSERT INTO tabular.species VALUES ('cda03e0c-9ca4-4409-968a-13c35dddbf26', 'Small Ungulates');
INSERT INTO tabular.species VALUES ('327b79db-77d9-4a0e-8063-f8ed651dec03', 'Large Ungulates');
INSERT INTO tabular.species VALUES ('54ec0e37-39b5-463b-b1e7-f18580ea64ff', 'Medium Ungulates');
INSERT INTO tabular.species VALUES ('cc08f492-6bd3-4519-acd4-5f7e2107552c', 'Small Pangolin');
INSERT INTO tabular.species VALUES ('28a70529-ff33-4a03-b24c-099fc449ffd3', 'Peter''s Duiker');
INSERT INTO tabular.species VALUES ('0a35e9e3-9efc-4c8e-a085-f73b3893afb8', 'Bay Duiker');
INSERT INTO tabular.species VALUES ('06b7cfdd-e1c9-4264-868a-e7bca07fb25b', 'Bouvier''s red colobus');


--
-- TOC entry 6349 (class 0 OID 48485)
-- Dependencies: 292
-- Data for Name: thematic_indicators; Type: TABLE DATA; Schema: tabular; Owner: postgres
--

INSERT INTO tabular.thematic_indicators VALUES ('5eb79a83-5ae8-4399-b0c5-6f780643f40a', 'f5178792-f610-4f7f-b14c-d6a5a507649c', '880e7fd4-a118-4d77-9782-49fbfde8fafa', 'Distance d’échantillonnage en km parcourue lors d''une marche de reconnaissance reliant deux transects durant un inventaire faune.');
INSERT INTO tabular.thematic_indicators VALUES ('b31c45eb-0a2d-4cae-8d6b-58c78d236bbb', 'f5178792-f610-4f7f-b14c-d6a5a507649c', '1dd0584b-d980-4bd6-a825-5456bf9a1ac3', 'Nombre d’animaux d’une même espèce par unité de surface en km².');
INSERT INTO tabular.thematic_indicators VALUES ('8915868d-f927-45c5-8a9a-39e399288073', '52839992-8e10-4217-a751-bf449d6dd92d', '8bf5e4ec-b284-4e5d-a4d6-c6550c998270', 'Distance totale parcourue par une patrouille à pied dans une zone de conservation par an en km.');
INSERT INTO tabular.thematic_indicators VALUES ('99d48fc4-c22b-47f2-84db-5b1951b0a164', 'f5178792-f610-4f7f-b14c-d6a5a507649c', 'e53e62f0-34e0-4d00-b523-69a139f149d0', 'Temps total effectué pour une opération d''échantillonnage des transects exprimé en nombre de jours éffectué');
INSERT INTO tabular.thematic_indicators VALUES ('f22eed33-dfd5-46a9-91c7-0abcd68850aa', 'f5178792-f610-4f7f-b14c-d6a5a507649c', '70063212-67cf-443e-a84a-094bc0f51dde', 'Distance d’échantillonnage en km parcourue sur transect dans des paysages ou des comtés du bassin du Congo.');
INSERT INTO tabular.thematic_indicators VALUES ('82abe3ba-6f7a-44b9-a1e0-32a309dac533', '52839992-8e10-4217-a751-bf449d6dd92d', '85b969f5-5862-4e94-886f-8d26f042f9bf', 'Nombre total d’heures actives de patrouille de lutte anti-braconnage effectué dans une aire de conservation par année.');
INSERT INTO tabular.thematic_indicators VALUES ('08efeada-fda9-4082-8163-b862c9ea87bf', '52839992-8e10-4217-a751-bf449d6dd92d', '7780f899-51d8-4ab9-8f76-cf4e8aa6cc55', 'Nombre de jours pendant lesquels les patrouilles d’application de la loi ont été actives sur le terrain au cours d’une période d’un an (365 jours).');
INSERT INTO tabular.thematic_indicators VALUES ('881fe0bd-d688-4dce-98d0-0e3ceec6db44', '52839992-8e10-4217-a751-bf449d6dd92d', 'fb586fb7-9f65-43b7-b80f-dd4b3709f94f', 'Nombre de jours de patrouille multiplié par le nombre de gardes forestiers impliqués sur une période d’un an dans une aire de conservation.');
INSERT INTO tabular.thematic_indicators VALUES ('44923e6c-dc5d-4d95-9259-e3019d18c008', '3fe09f8f-df5e-42f7-b684-c78e3b1e4ade', 'c1776a3a-aa96-4578-be0f-189aeb999afe', 'Nombre cumulé de formations réalisées par sites, paysages ou pays du bassin du Congo par an.');
INSERT INTO tabular.thematic_indicators VALUES ('979f3e9f-a728-4fa1-9cc6-d004a817db09', '52839992-8e10-4217-a751-bf449d6dd92d', '6817a282-260d-4d03-9304-359393544031', 'Nombre de patrouilles de lutte anti-braconnage effectuées dans une aire de conservation sur une période d’un an.');
INSERT INTO tabular.thematic_indicators VALUES ('5ca1e3fe-3055-4a65-86d2-521b591bdaa4', '3fe09f8f-df5e-42f7-b684-c78e3b1e4ade', '97bafe3c-b7f9-428c-a7ed-599e00cb6041', 'Nombre de session de formation de renforcement des capacités réalisé dans un site, paysage ou pays du bassin du Congo par an.');
INSERT INTO tabular.thematic_indicators VALUES ('ca593701-5f59-4f57-ac31-5ab3090f1883', '3fe09f8f-df5e-42f7-b684-c78e3b1e4ade', 'a13bdceb-7ec4-4ae6-8127-63addcd564a3', 'Nombre total de sites de terrain bénéficiant de sessions de renforcement des capacités par sites, paysages ou pays du bassin du Congo par an.');
INSERT INTO tabular.thematic_indicators VALUES ('47de316d-d710-4184-9175-1d32afd8ea3c', '52839992-8e10-4217-a751-bf449d6dd92d', '998414e7-6004-42ff-8d73-bfb0c524218d', 'Nombre cumulé de jours de patrouille policière effectués dans une aire de conservation au cours d’une année.');
INSERT INTO tabular.thematic_indicators VALUES ('05d1b7ce-d08b-4d07-a4b0-654614b08921', 'f5178792-f610-4f7f-b14c-d6a5a507649c', 'bd34bfef-dbb6-478c-bdf1-dceb30633ff3', NULL);
INSERT INTO tabular.thematic_indicators VALUES ('643d71ec-5d57-471e-95db-290cc53d4229', '852c33dc-a69f-44dd-b570-96ffebc710f9', 'c0bb64df-afe6-4283-b88e-e7448eda767c', NULL);
INSERT INTO tabular.thematic_indicators VALUES ('2f88ab87-0853-49ad-a710-0709eaf5a8fb', '52839992-8e10-4217-a751-bf449d6dd92d', '1681b06c-5472-4092-91ca-6ab547415f9a', NULL);
INSERT INTO tabular.thematic_indicators VALUES ('e57367fa-a621-4cf2-b065-d341e0284c13', '3fe09f8f-df5e-42f7-b684-c78e3b1e4ade', 'aae4552c-c4b1-40a3-a26a-f7ff01bf52dc', 'Pourcentage de formations réalisées par sites, paysages ou pays du bassin du Congo par an.');
INSERT INTO tabular.thematic_indicators VALUES ('4a9375c2-001a-486c-a355-027b046f0fe9', 'f5178792-f610-4f7f-b14c-d6a5a507649c', '781e58f1-4a74-4b6b-901d-06d55f63c1b7', 'Superficie couverte par des inventaires de la faune sauvage dans des paysages ou des pays du bassin du Congo.');
INSERT INTO tabular.thematic_indicators VALUES ('88367c6a-dc1c-4a24-8521-dd57bc973836', 'f5178792-f610-4f7f-b14c-d6a5a507649c', 'e9f12bb0-c99d-4686-a3e9-5fe24ddcfedb', 'Nombre d’animaux d’une espèce dans une zone.');
INSERT INTO tabular.thematic_indicators VALUES ('ff7d1f45-1e3a-44a8-9e9d-3c59ce58f0c0', '52839992-8e10-4217-a751-bf449d6dd92d', '75f62d2b-0219-43f5-9748-8962812045bc', NULL);
INSERT INTO tabular.thematic_indicators VALUES ('11c9b2f3-9b1e-40ae-8d9e-b0613d86602d', 'f5178792-f610-4f7f-b14c-d6a5a507649c', '23087ea4-4114-46c1-a52d-b0d3f079d406', 'Proportion de surface occupée par une espèce dans une zone.');
INSERT INTO tabular.thematic_indicators VALUES ('4978872a-2450-4d3a-9c83-862f4de07336', 'f5178792-f610-4f7f-b14c-d6a5a507649c', '87f0d119-58e6-4c3e-b65c-f21328154c8a', 'Nombre d’événements de détection indépendants d’une espèce donnée capturés à l’aide d’un piège photographique par unité de jour d’échantillonnage.');
INSERT INTO tabular.thematic_indicators VALUES ('9b2e08cf-7cf9-4a39-9945-bdc3dd073ee7', 'f5178792-f610-4f7f-b14c-d6a5a507649c', '2e268ad6-8aec-4aaf-bca0-e56c70967393', 'Pourcentage de superficie couverte par les relevés de la faune sauvage dans les sites, paysages ou pays du bassin du Congo.');
INSERT INTO tabular.thematic_indicators VALUES ('6baf94ff-3363-483c-9586-3dc8f0dcf243', 'cb2874b1-48ee-4ed5-a84a-2a9cf768c401', '56b6a63f-0910-4ccc-8b0d-d11115d0ff75', 'Superficie totale couverte par les patrouilles de lutte anti-braconnage dans une aire de conservation par année.');
INSERT INTO tabular.thematic_indicators VALUES ('e89dc159-b770-4efc-9f1a-54a0fbf7c94a', 'f5178792-f610-4f7f-b14c-d6a5a507649c', 'dd2cbbf8-1ba1-401d-b2ae-05767c1e6a4b', 'Nombre d’observations de chasse dans une zone par unité de distance d’échantillonnage en km');
INSERT INTO tabular.thematic_indicators VALUES ('0d7a28ee-2322-487b-aa5a-5ce026d429ce', '52839992-8e10-4217-a751-bf449d6dd92d', 'dd2cbbf8-1ba1-401d-b2ae-05767c1e6a4b', 'Nombre d’observations de chasse enregistrées par les patrouilles de lutte anti-braconnage dans une zone par unité de distance parcourue en Km par an.');
INSERT INTO tabular.thematic_indicators VALUES ('0ae6f04b-dc0e-4c07-b84a-8621a80d1a71', 'f5178792-f610-4f7f-b14c-d6a5a507649c', 'e6320641-d8fa-4cae-9824-a96ff870ea9a', 'Nombre d’observations humaines enregistrées lors des patrouilles de lutte anti-braconnage dans une zone par unité de distance parcourue en Km par an');
INSERT INTO tabular.thematic_indicators VALUES ('3ee34aa3-fec7-428d-8544-de3dfd2e7198', '9cd5ae78-56dc-433a-9b9c-5930fe969dfc', 'e6320641-d8fa-4cae-9824-a96ff870ea9a', 'Nombre d’observations humaines dans une zone par unité de distance d’échantillonnage en km.');
INSERT INTO tabular.thematic_indicators VALUES ('2a2851b5-d208-4e55-ba12-5e5b775c1dbb', 'f5178792-f610-4f7f-b14c-d6a5a507649c', '1ef38bb3-5b1f-4bc0-85c9-a18925b2f3ae', 'Nombre d’observations d’une espèce donnée dans une zone par unité de distance d’échantillonnage en km.');


--
-- TOC entry 6300 (class 0 OID 19091)
-- Dependencies: 238
-- Data for Name: thematics; Type: TABLE DATA; Schema: tabular; Owner: postgres
--

INSERT INTO tabular.thematics VALUES ('852c33dc-a69f-44dd-b570-96ffebc710f9', 'Conservation inclusive', '2025-06-27 07:38:52', '2025-06-27 07:38:52', 'Initiative conçue pour améliorer les efforts des peuples autochtones et des communautés locales (IPLC) pour gérer des terres, des eaux et des ressources naturelles qui offrent des avantages environnementaux mondiaux et abordent les moteurs croissants de la dégradation mondiale de l''environnement', 'UICN/GEF', 'https://iucn.org/sites/default/files/2022-09/esmf-component-1-inclusive-conservation-gef.pdf', '00466f04-9471-43fc-a3ee-63db5e4ba2d0', 'ce13d8e7-6e4c-4ad8-a93c-cdcda2e20f69', NULL);
INSERT INTO tabular.thematics VALUES ('b7ccab24-ad51-4fda-afd3-2cfe315a5eb3', 'Changements climatiques', '2025-12-11 08:34:03', '2025-12-11 08:34:03', 'Ensemble des variations des caractéristiques climatiques en un endroit donné au cours du temps : réchauffement ou refroidissement', 'Actu-environnement', 'https://www.actu-environnement.com/ae/dictionnaire_environnement/definition/changement_climatique.php4', '00466f04-9471-43fc-a3ee-63db5e4ba2d0', '6ac159f8-d1cc-4bbe-803d-abb81c2e64a6', NULL);
INSERT INTO tabular.thematics VALUES ('9cd5ae78-56dc-433a-9b9c-5930fe969dfc', 'Criminalité faunique', '2025-06-27 07:37:32', '2025-06-27 07:37:32', 'Fait référence à des infractions aux lois et réglementations nationales et internationales visant à protéger les ressources naturelles et à gérer leur utilisation durable', 'Wikipedia', 'https://fr.wikipedia.org/wiki/Gouvernance', '00466f04-9471-43fc-a3ee-63db5e4ba2d0', '6ac159f8-d1cc-4bbe-803d-abb81c2e64a6', 'L''exploitation abusive des produits de la faune engendre une diminutions des populations d''espèces faunique qui va jusqu''à la perte de certaines espèces de faune.');
INSERT INTO tabular.thematics VALUES ('52839992-8e10-4217-a751-bf449d6dd92d', 'Protection de la biodiversité', '2025-09-17 13:07:34', '2025-09-17 13:07:34', 'Préservation de la variété des espèces vivantes et leurs habitats afin de maintenir l''équilibre écologique.', 'Study Smarter', 'https://www.studysmarter.fr/resumes/ingenierie/genie-civil/protection-de-la-biodiversite/', '8cc0cd04-3bef-416d-8a01-7698cbd61f11', 'ce13d8e7-6e4c-4ad8-a93c-cdcda2e20f69', NULL);
INSERT INTO tabular.thematics VALUES ('9b32a11f-496c-483a-8bd1-c56449f350cd', 'Protection des écosystèmes', '2025-09-17 13:07:47', '2025-09-17 13:07:47', NULL, NULL, NULL, '8cc0cd04-3bef-416d-8a01-7698cbd61f11', 'ce13d8e7-6e4c-4ad8-a93c-cdcda2e20f69', NULL);
INSERT INTO tabular.thematics VALUES ('10a62626-2c45-41c1-8c79-563dd7488b32', 'Agriculture', '2025-06-27 07:38:03', '2025-06-27 07:38:03', 'Processus par lequel les êtres humains aménagent leurs écosystèmes et contrôlent le cycle biologique d''espèces domestiquées, dans le but de produire des aliments et d''autres ressources utiles à leurs sociétés', 'Wikipedia', 'https://fr.wikipedia.org/wiki/Agriculture', '8cc0cd04-3bef-416d-8a01-7698cbd61f11', '6ac159f8-d1cc-4bbe-803d-abb81c2e64a6', 'La recherche de nouvelles terre agricole impacte sur le couvert forestier. Car les agriculteurs déboiseront des étendues de forêts pour la création de nouvelles parcelle agricole.');
INSERT INTO tabular.thematics VALUES ('1d1369bd-c387-4215-84ad-dacb474855e5', 'Aires protégées', '2025-06-27 07:38:21', '2025-06-27 07:38:21', 'Espace géographique clairement défini, reconnu, consacré et géré, par tout moyen efficace, juridique ou autre, afin d''assurer à long terme la conservation de la nature ainsi que les services écosystémiques et les valeurs culturelles qui lui sont associes', 'Office Français de la biodiversité', 'https://www.ofb.gouv.fr/sites/default/files/Fichiers/Doc%20strat%C3%A9giques/SNAP-Annexe1-Liste-aires-protegees.pdf', '8cc0cd04-3bef-416d-8a01-7698cbd61f11', 'ce13d8e7-6e4c-4ad8-a93c-cdcda2e20f69', NULL);
INSERT INTO tabular.thematics VALUES ('7fb7fadf-4c83-4771-9b17-db839a147dc5', 'Conflits homme-faune', '2025-06-27 07:38:40', '2025-06-27 07:38:40', 'Tensions qui émergent quand la présence ou le comportement de la faune sauvage représente une menace, actuelle ou perçue, pour les intérêts ou les besoins humains, entrainant des désaccords entre des groupes de personnes et des conséquences négatives sur les gens et/ou la faune sauvage.', 'FAO', 'https://openknowledge.fao.org/server/api/core/bitstreams/ce3decfb-802f-482e-82ce-038ffa42ad5f/content', '00466f04-9471-43fc-a3ee-63db5e4ba2d0', '6ac159f8-d1cc-4bbe-803d-abb81c2e64a6', NULL);
INSERT INTO tabular.thematics VALUES ('3fe09f8f-df5e-42f7-b684-c78e3b1e4ade', 'Renforcement des capacités', '2025-09-17 13:09:24', '2025-09-17 13:09:24', 'Processus de développement et de renforcement des compétences, des instincts, des capacités, processus et ressources dont les organisations et communautés ont besoin pour survivre, s’adapter et prospérer dans un monde en évolution permanente ', 'Nation Unies', 'https://www.un.org/fr/impact-universitaire/renforcement-des-capacit%C3%A9s', '8cc0cd04-3bef-416d-8a01-7698cbd61f11', 'ce13d8e7-6e4c-4ad8-a93c-cdcda2e20f69', NULL);
INSERT INTO tabular.thematics VALUES ('e71b0911-d159-4174-aae5-95f8ad340663', 'Restauration des écosystèmes', '2025-09-17 13:13:55', '2025-09-17 13:13:55', 'La restauration des écosystèmes consiste à favoriser la régénération des écosystèmes qui ont été dégradés ou détruits, ainsi que la conservation des écosystèmes encore intacts.', 'FAO', 'https://www.decadeonrestoration.org/fr/quentend-par-restauration-des-ecosystemes', '8cc0cd04-3bef-416d-8a01-7698cbd61f11', 'ce13d8e7-6e4c-4ad8-a93c-cdcda2e20f69', NULL);
INSERT INTO tabular.thematics VALUES ('f5178792-f610-4f7f-b14c-d6a5a507649c', 'Suivi-écologique', '2025-09-17 13:14:59', '2025-09-17 13:14:59', 'Outils permettant de renseigner sur les espèces et les écosystèmes d’une Aire Protégée afin d’orienter les actions de gestion.', 'mooc conservation', 'https://www.mooc-conservation.org/assets/courseware/v1/c017acbb76496b9dad06119434166ade/asset-v1:IUCN-Papaco+MOOC-SE+FR-1+type@asset+block/BOOC_SE_fr.pdf', '00466f04-9471-43fc-a3ee-63db5e4ba2d0', 'ce13d8e7-6e4c-4ad8-a93c-cdcda2e20f69', NULL);
INSERT INTO tabular.thematics VALUES ('85406479-ed53-4343-9dec-233e64abdcfb', 'Gouvernance', '2025-09-17 13:06:34', '2025-09-17 13:06:34', 'Système d''entités décisionnelles qui dirige un certain domaine d''activités, autrement dit à un « système de gouvernance », impliquant notamment une structure de gouvernance et un dynamisme de système (processus de gouvernance, activités de gestion, etc).', 'Wikipedia', 'https://fr.wikipedia.org/wiki/Gouvernance', '8cc0cd04-3bef-416d-8a01-7698cbd61f11', 'ce13d8e7-6e4c-4ad8-a93c-cdcda2e20f69', NULL);
INSERT INTO tabular.thematics VALUES ('9c8d34b8-3007-46de-ab4a-390df055fb30', 'Planification et utilisation des terres', '2025-09-17 13:07:22', '2025-09-17 13:07:22', 'Consiste à faire une évaluation systématique du potentiel qu''offrent les terres et les eaux, des possibilités d''utilisation des terres et des conditions économiques et sociales afin de sélectionner et d''adopter les modes d''utilisation des terres les mieux appropriés.', 'Food and Agricultural Organization (FAO)', 'https://www.aquaportail.com/dictionnaire/definition/6521/planification-de-l-utilisation-des-terres', '8cc0cd04-3bef-416d-8a01-7698cbd61f11', 'ce13d8e7-6e4c-4ad8-a93c-cdcda2e20f69', NULL);
INSERT INTO tabular.thematics VALUES ('9e219aed-90c9-44f3-ae53-b7cc59ad3bad', 'Suivi socio-économique', '2025-09-17 13:14:39', '2025-09-17 13:14:39', 'Méthode scientifique qui sert à mesurer les changements de connaissances, d’attitudes, de perceptions et du bienêtre matériel de la population.', 'Blue ventures', 'https://mihari-network.org/wp-content/uploads/2015/09/11.-Socio-Economic-Monitoring-FR.pdf', '8cc0cd04-3bef-416d-8a01-7698cbd61f11', 'ce13d8e7-6e4c-4ad8-a93c-cdcda2e20f69', NULL);
INSERT INTO tabular.thematics VALUES ('3d03a396-d812-4365-9bf9-829b2342ac5a', 'Protocoles', '2025-09-17 13:07:06', '2025-09-17 13:07:06', 'Un protocole d’accord est un document crucial qui définit les termes et conditions d’une entente entre plusieurs parties, servant de fondation pour des négociations ultérieures.', 'Avocat Propriété Intellectuelle', 'https://avocat-propriete-intellectuelle.fr/2025/04/15/comprendre-le-protocole-daccord-enjeux-et-etapes/', '8cc0cd04-3bef-416d-8a01-7698cbd61f11', 'ce13d8e7-6e4c-4ad8-a93c-cdcda2e20f69', 'Les accords et protocoles visent à renforcer les cadres réglementaires pour la protection de la biodiversité et l''épanouissement des communautés');
INSERT INTO tabular.thematics VALUES ('593f821a-5dca-47a4-a94c-b11dc2cc3e5b', 'Systèmes d''information', '2025-09-17 13:15:09', '2025-09-17 13:15:09', 'Ensemble de ressources et de dispositifs permettant de collecter, stocker, traiter et diffuser les informations nécessaires au fonctionnement d’une organisation (administration, entreprise…). Il peut s’agir d’informations fiscales, financières, comptables, commerciales, managériales, etc.', 'PayFit', 'https://payfit.com/fr/fiches-pratiques/systeme-information/', '8cc0cd04-3bef-416d-8a01-7698cbd61f11', 'ce13d8e7-6e4c-4ad8-a93c-cdcda2e20f69', NULL);
INSERT INTO tabular.thematics VALUES ('63a54e33-2845-4b79-b7b0-c2fad7c95fd4', 'Recherche', '2025-09-17 13:09:14', '2025-09-17 13:09:14', 'La recherche est un outils efficace qui permet d''effectuer des mises à jours des connaissances sur des facteurs ou des évènements.', 'Dictionnaire le ROBERT', 'https://dictionnaire.lerobert.com/definition/recherche', '8cc0cd04-3bef-416d-8a01-7698cbd61f11', 'ce13d8e7-6e4c-4ad8-a93c-cdcda2e20f69', NULL);
INSERT INTO tabular.thematics VALUES ('5da21baa-bb36-4577-99d4-eb590e098876', 'Zones clés de biodiversité', '2025-09-17 13:06:52', '2025-09-17 13:06:52', 'Site qui contribue de manière significative à la persistance mondiale de la biodiversité.', 'Critical ecosytem', 'https://fr.cepf.net/stories/what-key-biodiversity-area', '00466f04-9471-43fc-a3ee-63db5e4ba2d0', 'ce13d8e7-6e4c-4ad8-a93c-cdcda2e20f69', 'C''est un site qui permet de conenir de nombreuses espèces unique, que l''on ne peut trouver ailler ou que l''on peut trouver dans un seul endroit.');
INSERT INTO tabular.thematics VALUES ('fb508fd1-da18-4c8d-94fa-010b5b15b7ac', 'Financement de la conservation', '2025-06-27 07:37:39', '2025-06-27 07:37:39', 'Domaine d’investissement nuancé qui vise à soutenir la préservation de l’environnement tout en offrant potentiellement des rendements financiers', 'FasterCapital', 'https://fastercapital.com/fr/contenu/Financement-de-la-conservation-et-gestion-de-l-environnement.html', '8cc0cd04-3bef-416d-8a01-7698cbd61f11', 'ce13d8e7-6e4c-4ad8-a93c-cdcda2e20f69', NULL);
INSERT INTO tabular.thematics VALUES ('4850b344-6889-485b-91ff-3c199b6367b3', 'Sauvegarde environnementale et sociale', '2025-09-17 13:14:05', '2025-09-17 13:14:05', 'Ensemble de normes, de politiques et de mécanismes visant à s''assurer que les projets de conservation ne causent pas de dommages involontaires aux communautés locales ou à l''environnement.', 'World Wide Fund for Nature (WWF)', 'https://www.wwfdrc.org/?52202/Les-sauvegardes-sociales-et-environnementales-du-WWF', '8cc0cd04-3bef-416d-8a01-7698cbd61f11', 'ce13d8e7-6e4c-4ad8-a93c-cdcda2e20f69', NULL);
INSERT INTO tabular.thematics VALUES ('bb077bb1-a37a-4828-99d5-3067cc8a2620', 'Bien-être des communautés', '2025-12-11 08:34:03', '2025-12-11 08:34:03', 'Bien-être: Sentiment général d’agrément, d’épanouissement suscité par la pleine satisfaction des besoins du corps et/ou de l’esprit.', 'HAL open science', 'https://hal.science/file/index/docid/373339/filename/Bien-EtrePUF-CGL.pdf', '8cc0cd04-3bef-416d-8a01-7698cbd61f11', 'ce13d8e7-6e4c-4ad8-a93c-cdcda2e20f69', NULL);
INSERT INTO tabular.thematics VALUES ('567c693e-d1ac-4f3d-8daa-4f69805d72da', 'Accords', '2025-09-17 13:07:06', '2025-09-17 13:07:06', 'Engagement formel entre deux ou plusieurs parties exprimant leur commune volonté de produire l’effet de droit recherché.', 'Gouvernement du Canada', 'https://www.justice.gc.ca/fra/pr-rp/sjc-csj/redact-legis/juril/no3.html', '8cc0cd04-3bef-416d-8a01-7698cbd61f11', 'ce13d8e7-6e4c-4ad8-a93c-cdcda2e20f69', NULL);
INSERT INTO tabular.thematics VALUES ('cb2874b1-48ee-4ed5-a84a-2a9cf768c401', 'Application de la loi', '2025-12-11 08:34:03', '2025-12-11 08:34:03', 'L''application de la loi: processus par lequel les gouvernements, les autorités judiciaires et d’autres organisations appliquent des règles et des règlements. ', 'Droit économie (application des la loi)', 'https://www.droiteconomie.com/lapplication-de-la-loi', '8cc0cd04-3bef-416d-8a01-7698cbd61f11', 'ce13d8e7-6e4c-4ad8-a93c-cdcda2e20f69', NULL);
INSERT INTO tabular.thematics VALUES ('67bd0bd1-98c5-4685-a000-b00c8d78b5cb', 'Législation', '2025-12-11 08:34:03', '2025-12-11 08:34:03', 'Législation: ensemble des textes et réglements d''un pays ou concernant un domaine, une matière déterminée.', 'Dictionnaire du droit privé', 'https://www.dictionnaire-juridique.com/definition/legislation.php', '8cc0cd04-3bef-416d-8a01-7698cbd61f11', 'ce13d8e7-6e4c-4ad8-a93c-cdcda2e20f69', NULL);


--
-- TOC entry 6102 (class 2606 OID 48562)
-- Name: activity_types activity_types_pkey; Type: CONSTRAINT; Schema: codelist; Owner: postgres
--

ALTER TABLE ONLY codelist.activity_types
    ADD CONSTRAINT activity_types_pkey PRIMARY KEY (id);


--
-- TOC entry 6080 (class 2606 OID 48397)
-- Name: biodiversity_issues biodiversity_issues_pkey; Type: CONSTRAINT; Schema: codelist; Owner: postgres
--

ALTER TABLE ONLY codelist.biodiversity_issues
    ADD CONSTRAINT biodiversity_issues_pkey PRIMARY KEY (id);


--
-- TOC entry 6104 (class 2606 OID 48564)
-- Name: activity_types codelist_activity_types_name_unique; Type: CONSTRAINT; Schema: codelist; Owner: postgres
--

ALTER TABLE ONLY codelist.activity_types
    ADD CONSTRAINT codelist_activity_types_name_unique UNIQUE (name);


--
-- TOC entry 6082 (class 2606 OID 48399)
-- Name: biodiversity_issues codelist_biodiversity_issues_name_unique; Type: CONSTRAINT; Schema: codelist; Owner: postgres
--

ALTER TABLE ONLY codelist.biodiversity_issues
    ADD CONSTRAINT codelist_biodiversity_issues_name_unique UNIQUE (name);


--
-- TOC entry 6011 (class 2606 OID 19545)
-- Name: collection_methods codelist_collection_methods_name_unique; Type: CONSTRAINT; Schema: codelist; Owner: postgres
--

ALTER TABLE ONLY codelist.collection_methods
    ADD CONSTRAINT codelist_collection_methods_name_unique UNIQUE (name);


--
-- TOC entry 5960 (class 2606 OID 19019)
-- Name: currency codelist_currency_name_unique; Type: CONSTRAINT; Schema: codelist; Owner: postgres
--

ALTER TABLE ONLY codelist.currency
    ADD CONSTRAINT codelist_currency_name_unique UNIQUE (name);


--
-- TOC entry 6003 (class 2606 OID 19527)
-- Name: data_formats codelist_data_formats_name_unique; Type: CONSTRAINT; Schema: codelist; Owner: postgres
--

ALTER TABLE ONLY codelist.data_formats
    ADD CONSTRAINT codelist_data_formats_name_unique UNIQUE (name);


--
-- TOC entry 6007 (class 2606 OID 19537)
-- Name: data_licences codelist_data_licences_name_unique; Type: CONSTRAINT; Schema: codelist; Owner: postgres
--

ALTER TABLE ONLY codelist.data_licences
    ADD CONSTRAINT codelist_data_licences_name_unique UNIQUE (name);


--
-- TOC entry 5956 (class 2606 OID 19011)
-- Name: project_locations codelist_project_locations_name_unique; Type: CONSTRAINT; Schema: codelist; Owner: postgres
--

ALTER TABLE ONLY codelist.project_locations
    ADD CONSTRAINT codelist_project_locations_name_unique UNIQUE (name);


--
-- TOC entry 6098 (class 2606 OID 48556)
-- Name: sampling_methods codelist_sampling_methods_name_unique; Type: CONSTRAINT; Schema: codelist; Owner: postgres
--

ALTER TABLE ONLY codelist.sampling_methods
    ADD CONSTRAINT codelist_sampling_methods_name_unique UNIQUE (name);


--
-- TOC entry 6015 (class 2606 OID 19553)
-- Name: cibles codelist_thematic_cathegories_name_unique; Type: CONSTRAINT; Schema: codelist; Owner: postgres
--

ALTER TABLE ONLY codelist.cibles
    ADD CONSTRAINT codelist_thematic_cathegories_name_unique UNIQUE (name);


--
-- TOC entry 5952 (class 2606 OID 18828)
-- Name: user_roles codelist_user_roles_name_unique; Type: CONSTRAINT; Schema: codelist; Owner: postgres
--

ALTER TABLE ONLY codelist.user_roles
    ADD CONSTRAINT codelist_user_roles_name_unique UNIQUE (name);


--
-- TOC entry 6013 (class 2606 OID 19543)
-- Name: collection_methods collection_methods_pkey; Type: CONSTRAINT; Schema: codelist; Owner: postgres
--

ALTER TABLE ONLY codelist.collection_methods
    ADD CONSTRAINT collection_methods_pkey PRIMARY KEY (id);


--
-- TOC entry 5962 (class 2606 OID 19017)
-- Name: currency currency_pkey; Type: CONSTRAINT; Schema: codelist; Owner: postgres
--

ALTER TABLE ONLY codelist.currency
    ADD CONSTRAINT currency_pkey PRIMARY KEY (id);


--
-- TOC entry 6005 (class 2606 OID 19525)
-- Name: data_formats data_formats_pkey; Type: CONSTRAINT; Schema: codelist; Owner: postgres
--

ALTER TABLE ONLY codelist.data_formats
    ADD CONSTRAINT data_formats_pkey PRIMARY KEY (id);


--
-- TOC entry 6009 (class 2606 OID 19535)
-- Name: data_licences data_licences_pkey; Type: CONSTRAINT; Schema: codelist; Owner: postgres
--

ALTER TABLE ONLY codelist.data_licences
    ADD CONSTRAINT data_licences_pkey PRIMARY KEY (id);


--
-- TOC entry 5958 (class 2606 OID 19009)
-- Name: project_locations project_locations_pkey; Type: CONSTRAINT; Schema: codelist; Owner: postgres
--

ALTER TABLE ONLY codelist.project_locations
    ADD CONSTRAINT project_locations_pkey PRIMARY KEY (id);


--
-- TOC entry 6100 (class 2606 OID 48554)
-- Name: sampling_methods sampling_methods_pkey; Type: CONSTRAINT; Schema: codelist; Owner: postgres
--

ALTER TABLE ONLY codelist.sampling_methods
    ADD CONSTRAINT sampling_methods_pkey PRIMARY KEY (id);


--
-- TOC entry 6017 (class 2606 OID 19551)
-- Name: cibles thematic_cathegories_pkey; Type: CONSTRAINT; Schema: codelist; Owner: postgres
--

ALTER TABLE ONLY codelist.cibles
    ADD CONSTRAINT thematic_cathegories_pkey PRIMARY KEY (id);


--
-- TOC entry 5954 (class 2606 OID 18826)
-- Name: user_roles user_roles_pkey; Type: CONSTRAINT; Schema: codelist; Owner: postgres
--

ALTER TABLE ONLY codelist.user_roles
    ADD CONSTRAINT user_roles_pkey PRIMARY KEY (id);


--
-- TOC entry 5950 (class 2606 OID 18775)
-- Name: cache_locks cache_locks_pkey; Type: CONSTRAINT; Schema: public; Owner: postgres
--

ALTER TABLE ONLY public.cache_locks
    ADD CONSTRAINT cache_locks_pkey PRIMARY KEY (key);


--
-- TOC entry 5948 (class 2606 OID 18768)
-- Name: cache cache_pkey; Type: CONSTRAINT; Schema: public; Owner: postgres
--

ALTER TABLE ONLY public.cache
    ADD CONSTRAINT cache_pkey PRIMARY KEY (key);


--
-- TOC entry 5944 (class 2606 OID 18759)
-- Name: failed_jobs failed_jobs_pkey; Type: CONSTRAINT; Schema: public; Owner: postgres
--

ALTER TABLE ONLY public.failed_jobs
    ADD CONSTRAINT failed_jobs_pkey PRIMARY KEY (id);


--
-- TOC entry 5946 (class 2606 OID 18761)
-- Name: failed_jobs failed_jobs_uuid_unique; Type: CONSTRAINT; Schema: public; Owner: postgres
--

ALTER TABLE ONLY public.failed_jobs
    ADD CONSTRAINT failed_jobs_uuid_unique UNIQUE (uuid);


--
-- TOC entry 5942 (class 2606 OID 18749)
-- Name: job_batches job_batches_pkey; Type: CONSTRAINT; Schema: public; Owner: postgres
--

ALTER TABLE ONLY public.job_batches
    ADD CONSTRAINT job_batches_pkey PRIMARY KEY (id);


--
-- TOC entry 5939 (class 2606 OID 18741)
-- Name: jobs jobs_pkey; Type: CONSTRAINT; Schema: public; Owner: postgres
--

ALTER TABLE ONLY public.jobs
    ADD CONSTRAINT jobs_pkey PRIMARY KEY (id);


--
-- TOC entry 5932 (class 2606 OID 17596)
-- Name: migrations migrations_pkey; Type: CONSTRAINT; Schema: public; Owner: postgres
--

ALTER TABLE ONLY public.migrations
    ADD CONSTRAINT migrations_pkey PRIMARY KEY (id);


--
-- TOC entry 5982 (class 2606 OID 19439)
-- Name: sessions sessions_pkey; Type: CONSTRAINT; Schema: public; Owner: postgres
--

ALTER TABLE ONLY public.sessions
    ADD CONSTRAINT sessions_pkey PRIMARY KEY (id);


--
-- TOC entry 6030 (class 2606 OID 21040)
-- Name: agro_industrial_concession agro-industrial concession_pkey; Type: CONSTRAINT; Schema: spatial; Owner: postgres
--

ALTER TABLE ONLY spatial.agro_industrial_concession
    ADD CONSTRAINT "agro-industrial concession_pkey" PRIMARY KEY (id);


--
-- TOC entry 6053 (class 2606 OID 47576)
-- Name: base_indicator base_indicator_pkey; Type: CONSTRAINT; Schema: spatial; Owner: postgres
--

ALTER TABLE ONLY spatial.base_indicator
    ADD CONSTRAINT base_indicator_pkey PRIMARY KEY (id);


--
-- TOC entry 6051 (class 2606 OID 22975)
-- Name: country countries_pkey; Type: CONSTRAINT; Schema: spatial; Owner: postgres
--

ALTER TABLE ONLY spatial.country
    ADD CONSTRAINT countries_pkey PRIMARY KEY (id);


--
-- TOC entry 6078 (class 2606 OID 48234)
-- Name: hunting_zone hunting_zone_pkey; Type: CONSTRAINT; Schema: spatial; Owner: postgres
--

ALTER TABLE ONLY spatial.hunting_zone
    ADD CONSTRAINT hunting_zone_pkey PRIMARY KEY (id);


--
-- TOC entry 6025 (class 2606 OID 21025)
-- Name: legend legend_pkey; Type: CONSTRAINT; Schema: spatial; Owner: postgres
--

ALTER TABLE ONLY spatial.legend
    ADD CONSTRAINT legend_pkey PRIMARY KEY (id);


--
-- TOC entry 6048 (class 2606 OID 22822)
-- Name: mining_concession mining_concession_pkey; Type: CONSTRAINT; Schema: spatial; Owner: postgres
--

ALTER TABLE ONLY spatial.mining_concession
    ADD CONSTRAINT mining_concession_pkey PRIMARY KEY (id);


--
-- TOC entry 6039 (class 2606 OID 22435)
-- Name: municipal_forest municipal_forest_pkey; Type: CONSTRAINT; Schema: spatial; Owner: postgres
--

ALTER TABLE ONLY spatial.municipal_forest
    ADD CONSTRAINT municipal_forest_pkey PRIMARY KEY (id);


--
-- TOC entry 6061 (class 2606 OID 47652)
-- Name: pillar_indicator_method pillar_indicator_method_pkey; Type: CONSTRAINT; Schema: spatial; Owner: postgres
--

ALTER TABLE ONLY spatial.pillar_indicator_method
    ADD CONSTRAINT pillar_indicator_method_pkey PRIMARY KEY (id);


--
-- TOC entry 6065 (class 2606 OID 47672)
-- Name: pillar_indicator pillar_indicator_pkey; Type: CONSTRAINT; Schema: spatial; Owner: postgres
--

ALTER TABLE ONLY spatial.pillar_indicator
    ADD CONSTRAINT pillar_indicator_pkey PRIMARY KEY (id);


--
-- TOC entry 6069 (class 2606 OID 47685)
-- Name: pillar_indicator_value pillar_indicator_value_pkey; Type: CONSTRAINT; Schema: spatial; Owner: postgres
--

ALTER TABLE ONLY spatial.pillar_indicator_value
    ADD CONSTRAINT pillar_indicator_value_pkey PRIMARY KEY (id);


--
-- TOC entry 6057 (class 2606 OID 47642)
-- Name: pillar pillar_pkey; Type: CONSTRAINT; Schema: spatial; Owner: postgres
--

ALTER TABLE ONLY spatial.pillar
    ADD CONSTRAINT pillar_pkey PRIMARY KEY (id);


--
-- TOC entry 6042 (class 2606 OID 22534)
-- Name: planted_area planted_area_pkey; Type: CONSTRAINT; Schema: spatial; Owner: postgres
--

ALTER TABLE ONLY spatial.planted_area
    ADD CONSTRAINT planted_area_pkey PRIMARY KEY (id);


--
-- TOC entry 6033 (class 2606 OID 21084)
-- Name: protected_area protected_area_pkey; Type: CONSTRAINT; Schema: spatial; Owner: postgres
--

ALTER TABLE ONLY spatial.protected_area
    ADD CONSTRAINT protected_area_pkey PRIMARY KEY (id);


--
-- TOC entry 6075 (class 2606 OID 48089)
-- Name: road routes_pkey; Type: CONSTRAINT; Schema: spatial; Owner: postgres
--

ALTER TABLE ONLY spatial.road
    ADD CONSTRAINT routes_pkey PRIMARY KEY (id);


--
-- TOC entry 6055 (class 2606 OID 47578)
-- Name: base_indicator spatial_base_indicator_name_unique; Type: CONSTRAINT; Schema: spatial; Owner: postgres
--

ALTER TABLE ONLY spatial.base_indicator
    ADD CONSTRAINT spatial_base_indicator_name_unique UNIQUE (name);


--
-- TOC entry 6027 (class 2606 OID 21027)
-- Name: legend spatial_legend_name_unique; Type: CONSTRAINT; Schema: spatial; Owner: postgres
--

ALTER TABLE ONLY spatial.legend
    ADD CONSTRAINT spatial_legend_name_unique UNIQUE (name);


--
-- TOC entry 6063 (class 2606 OID 47654)
-- Name: pillar_indicator_method spatial_pillar_indicator_method_name_unique; Type: CONSTRAINT; Schema: spatial; Owner: postgres
--

ALTER TABLE ONLY spatial.pillar_indicator_method
    ADD CONSTRAINT spatial_pillar_indicator_method_name_unique UNIQUE (name);


--
-- TOC entry 6067 (class 2606 OID 47674)
-- Name: pillar_indicator spatial_pillar_indicator_name_unique; Type: CONSTRAINT; Schema: spatial; Owner: postgres
--

ALTER TABLE ONLY spatial.pillar_indicator
    ADD CONSTRAINT spatial_pillar_indicator_name_unique UNIQUE (name);


--
-- TOC entry 6059 (class 2606 OID 47644)
-- Name: pillar spatial_pillar_name_unique; Type: CONSTRAINT; Schema: spatial; Owner: postgres
--

ALTER TABLE ONLY spatial.pillar
    ADD CONSTRAINT spatial_pillar_name_unique UNIQUE (name);


--
-- TOC entry 6045 (class 2606 OID 22737)
-- Name: production_forest ufa_pkey; Type: CONSTRAINT; Schema: spatial; Owner: postgres
--

ALTER TABLE ONLY spatial.production_forest
    ADD CONSTRAINT ufa_pkey PRIMARY KEY (id);


--
-- TOC entry 6072 (class 2606 OID 48029)
-- Name: village village_pkey; Type: CONSTRAINT; Schema: spatial; Owner: postgres
--

ALTER TABLE ONLY spatial.village
    ADD CONSTRAINT village_pkey PRIMARY KEY (id);


--
-- TOC entry 6036 (class 2606 OID 21132)
-- Name: watercourse watercourse_pkey; Type: CONSTRAINT; Schema: spatial; Owner: postgres
--

ALTER TABLE ONLY spatial.watercourse
    ADD CONSTRAINT watercourse_pkey PRIMARY KEY (id);


--
-- TOC entry 6021 (class 2606 OID 19657)
-- Name: documents documents_pkey; Type: CONSTRAINT; Schema: tabular; Owner: postgres
--

ALTER TABLE ONLY tabular.documents
    ADD CONSTRAINT documents_pkey PRIMARY KEY (id);


--
-- TOC entry 6084 (class 2606 OID 48432)
-- Name: indicator indicator_pkey; Type: CONSTRAINT; Schema: tabular; Owner: postgres
--

ALTER TABLE ONLY tabular.indicator
    ADD CONSTRAINT indicator_pkey PRIMARY KEY (id);


--
-- TOC entry 5969 (class 2606 OID 19220)
-- Name: organizations organizations_pkey; Type: CONSTRAINT; Schema: tabular; Owner: postgres
--

ALTER TABLE ONLY tabular.organizations
    ADD CONSTRAINT organizations_pkey PRIMARY KEY (id);


--
-- TOC entry 5993 (class 2606 OID 19495)
-- Name: project_objectives project_objectives_pkey; Type: CONSTRAINT; Schema: tabular; Owner: postgres
--

ALTER TABLE ONLY tabular.project_objectives
    ADD CONSTRAINT project_objectives_pkey PRIMARY KEY (id);


--
-- TOC entry 5989 (class 2606 OID 19482)
-- Name: project_results project_results_pkey; Type: CONSTRAINT; Schema: tabular; Owner: postgres
--

ALTER TABLE ONLY tabular.project_results
    ADD CONSTRAINT project_results_pkey PRIMARY KEY (id);


--
-- TOC entry 6019 (class 2606 OID 19607)
-- Name: project_thematics project_thematics_pkey; Type: CONSTRAINT; Schema: tabular; Owner: postgres
--

ALTER TABLE ONLY tabular.project_thematics
    ADD CONSTRAINT project_thematics_pkey PRIMARY KEY (id);


--
-- TOC entry 5985 (class 2606 OID 19469)
-- Name: projects projects_pkey; Type: CONSTRAINT; Schema: tabular; Owner: postgres
--

ALTER TABLE ONLY tabular.projects
    ADD CONSTRAINT projects_pkey PRIMARY KEY (id);


--
-- TOC entry 6094 (class 2606 OID 48532)
-- Name: site_indicator_values site_indicator_values_pkey; Type: CONSTRAINT; Schema: tabular; Owner: postgres
--

ALTER TABLE ONLY tabular.site_indicator_values
    ADD CONSTRAINT site_indicator_values_pkey PRIMARY KEY (id);


--
-- TOC entry 6090 (class 2606 OID 48522)
-- Name: species species_pkey; Type: CONSTRAINT; Schema: tabular; Owner: postgres
--

ALTER TABLE ONLY tabular.species
    ADD CONSTRAINT species_pkey PRIMARY KEY (id);


--
-- TOC entry 6092 (class 2606 OID 48524)
-- Name: species species_unique_name; Type: CONSTRAINT; Schema: tabular; Owner: postgres
--

ALTER TABLE ONLY tabular.species
    ADD CONSTRAINT species_unique_name UNIQUE (name);


--
-- TOC entry 6086 (class 2606 OID 48434)
-- Name: indicator tabular_indicator_name_unique; Type: CONSTRAINT; Schema: tabular; Owner: postgres
--

ALTER TABLE ONLY tabular.indicator
    ADD CONSTRAINT tabular_indicator_name_unique UNIQUE (name);


--
-- TOC entry 5995 (class 2606 OID 19497)
-- Name: project_objectives tabular_project_objectives_name_unique; Type: CONSTRAINT; Schema: tabular; Owner: postgres
--

ALTER TABLE ONLY tabular.project_objectives
    ADD CONSTRAINT tabular_project_objectives_name_unique UNIQUE (name);


--
-- TOC entry 5991 (class 2606 OID 48448)
-- Name: project_results tabular_project_results_name_unique; Type: CONSTRAINT; Schema: tabular; Owner: postgres
--

ALTER TABLE ONLY tabular.project_results
    ADD CONSTRAINT tabular_project_results_name_unique UNIQUE (name);


--
-- TOC entry 5987 (class 2606 OID 19471)
-- Name: projects tabular_projects_name_unique; Type: CONSTRAINT; Schema: tabular; Owner: postgres
--

ALTER TABLE ONLY tabular.projects
    ADD CONSTRAINT tabular_projects_name_unique UNIQUE (name);


--
-- TOC entry 5965 (class 2606 OID 19098)
-- Name: thematics tabular_thematics_name_unique; Type: CONSTRAINT; Schema: tabular; Owner: postgres
--

ALTER TABLE ONLY tabular.thematics
    ADD CONSTRAINT tabular_thematics_name_unique UNIQUE (name);


--
-- TOC entry 6088 (class 2606 OID 48491)
-- Name: thematic_indicators thematic_indicators_pkey; Type: CONSTRAINT; Schema: tabular; Owner: postgres
--

ALTER TABLE ONLY tabular.thematic_indicators
    ADD CONSTRAINT thematic_indicators_pkey PRIMARY KEY (id);


--
-- TOC entry 5967 (class 2606 OID 19096)
-- Name: thematics thematics_pkey; Type: CONSTRAINT; Schema: tabular; Owner: postgres
--

ALTER TABLE ONLY tabular.thematics
    ADD CONSTRAINT thematics_pkey PRIMARY KEY (id);


--
-- TOC entry 5971 (class 2606 OID 19516)
-- Name: organizations unique_column_name; Type: CONSTRAINT; Schema: tabular; Owner: postgres
--

ALTER TABLE ONLY tabular.organizations
    ADD CONSTRAINT unique_column_name UNIQUE (name);


--
-- TOC entry 6096 (class 2606 OID 48534)
-- Name: site_indicator_values unique_insert_indicator_value; Type: CONSTRAINT; Schema: tabular; Owner: postgres
--

ALTER TABLE ONLY tabular.site_indicator_values
    ADD CONSTRAINT unique_insert_indicator_value UNIQUE (indicator_id, site_id, year, value);


--
-- TOC entry 5940 (class 1259 OID 18742)
-- Name: jobs_queue_index; Type: INDEX; Schema: public; Owner: postgres
--

CREATE INDEX jobs_queue_index ON public.jobs USING btree (queue);


--
-- TOC entry 5980 (class 1259 OID 19441)
-- Name: sessions_last_activity_index; Type: INDEX; Schema: public; Owner: postgres
--

CREATE INDEX sessions_last_activity_index ON public.sessions USING btree (last_activity);


--
-- TOC entry 5983 (class 1259 OID 19440)
-- Name: sessions_user_id_index; Type: INDEX; Schema: public; Owner: postgres
--

CREATE INDEX sessions_user_id_index ON public.sessions USING btree (user_id);


--
-- TOC entry 6028 (class 1259 OID 21052)
-- Name: agro-industrial concession_geom_idx; Type: INDEX; Schema: spatial; Owner: postgres
--

CREATE INDEX "agro-industrial concession_geom_idx" ON spatial.agro_industrial_concession USING gist (geom);


--
-- TOC entry 6049 (class 1259 OID 23006)
-- Name: countries_geom_idx; Type: INDEX; Schema: spatial; Owner: postgres
--

CREATE INDEX countries_geom_idx ON spatial.country USING gist (geom);


--
-- TOC entry 6076 (class 1259 OID 48255)
-- Name: hunting_zone_geom_idx; Type: INDEX; Schema: spatial; Owner: postgres
--

CREATE INDEX hunting_zone_geom_idx ON spatial.hunting_zone USING gist (geom);


--
-- TOC entry 6046 (class 1259 OID 22841)
-- Name: mining_concession_geom_idx; Type: INDEX; Schema: spatial; Owner: postgres
--

CREATE INDEX mining_concession_geom_idx ON spatial.mining_concession USING gist (geom);


--
-- TOC entry 6037 (class 1259 OID 22483)
-- Name: municipal_forest_geom_idx; Type: INDEX; Schema: spatial; Owner: postgres
--

CREATE INDEX municipal_forest_geom_idx ON spatial.municipal_forest USING gist (geom);


--
-- TOC entry 6040 (class 1259 OID 22539)
-- Name: planted_area_geom_idx; Type: INDEX; Schema: spatial; Owner: postgres
--

CREATE INDEX planted_area_geom_idx ON spatial.planted_area USING gist (geom);


--
-- TOC entry 6031 (class 1259 OID 21114)
-- Name: protected_area_geom_idx; Type: INDEX; Schema: spatial; Owner: postgres
--

CREATE INDEX protected_area_geom_idx ON spatial.protected_area USING gist (geom);


--
-- TOC entry 6073 (class 1259 OID 48216)
-- Name: routes_geom_idx; Type: INDEX; Schema: spatial; Owner: postgres
--

CREATE INDEX routes_geom_idx ON spatial.road USING gist (geom);


--
-- TOC entry 6043 (class 1259 OID 22803)
-- Name: ufa_geom_idx; Type: INDEX; Schema: spatial; Owner: postgres
--

CREATE INDEX ufa_geom_idx ON spatial.production_forest USING gist (geom);


--
-- TOC entry 6070 (class 1259 OID 48030)
-- Name: village_geom_idx; Type: INDEX; Schema: spatial; Owner: postgres
--

CREATE INDEX village_geom_idx ON spatial.village USING gist (geom);


--
-- TOC entry 6034 (class 1259 OID 22417)
-- Name: watercourse_geom_idx; Type: INDEX; Schema: spatial; Owner: postgres
--

CREATE INDEX watercourse_geom_idx ON spatial.watercourse USING gist (geom);


--
-- TOC entry 5963 (class 1259 OID 48405)
-- Name: fki_tabular_thematics_codelist_biodiversity_issues; Type: INDEX; Schema: tabular; Owner: postgres
--

CREATE INDEX fki_tabular_thematics_codelist_biodiversity_issues ON tabular.thematics USING btree (biodiversity_issue_id);


--
-- TOC entry 6124 (class 2606 OID 47661)
-- Name: pillar_indicator spatial_pillar_indicator_method_id_foreign; Type: FK CONSTRAINT; Schema: spatial; Owner: postgres
--

ALTER TABLE ONLY spatial.pillar_indicator
    ADD CONSTRAINT spatial_pillar_indicator_method_id_foreign FOREIGN KEY (method_id) REFERENCES spatial.pillar_indicator_method(id);


--
-- TOC entry 6125 (class 2606 OID 47666)
-- Name: pillar_indicator spatial_pillar_indicator_role_id_foreign; Type: FK CONSTRAINT; Schema: spatial; Owner: postgres
--

ALTER TABLE ONLY spatial.pillar_indicator
    ADD CONSTRAINT spatial_pillar_indicator_role_id_foreign FOREIGN KEY (role_id) REFERENCES codelist.user_roles(id);


--
-- TOC entry 6126 (class 2606 OID 47679)
-- Name: pillar_indicator_value spatial_pillar_indicator_value_user_id_foreign; Type: FK CONSTRAINT; Schema: spatial; Owner: postgres
--

ALTER TABLE ONLY spatial.pillar_indicator_value
    ADD CONSTRAINT spatial_pillar_indicator_value_user_id_foreign FOREIGN KEY (user_id) REFERENCES public.users(user_id);


--
-- TOC entry 6130 (class 2606 OID 48502)
-- Name: thematic_indicators fk_indicator_thematic_indicator; Type: FK CONSTRAINT; Schema: tabular; Owner: postgres
--

ALTER TABLE ONLY tabular.thematic_indicators
    ADD CONSTRAINT fk_indicator_thematic_indicator FOREIGN KEY (indicator_id) REFERENCES tabular.indicator(id) ON UPDATE SET NULL ON DELETE SET NULL NOT VALID;


--
-- TOC entry 6132 (class 2606 OID 48575)
-- Name: site_indicator_values fk_site_indicator_values_activity_types; Type: FK CONSTRAINT; Schema: tabular; Owner: postgres
--

ALTER TABLE ONLY tabular.site_indicator_values
    ADD CONSTRAINT fk_site_indicator_values_activity_types FOREIGN KEY (activity_type_id) REFERENCES codelist.activity_types(id) NOT VALID;


--
-- TOC entry 6133 (class 2606 OID 48535)
-- Name: site_indicator_values fk_site_indicator_values_indicator; Type: FK CONSTRAINT; Schema: tabular; Owner: postgres
--

ALTER TABLE ONLY tabular.site_indicator_values
    ADD CONSTRAINT fk_site_indicator_values_indicator FOREIGN KEY (indicator_id) REFERENCES tabular.indicator(id) NOT VALID;


--
-- TOC entry 6134 (class 2606 OID 48570)
-- Name: site_indicator_values fk_site_indicator_values_sampling_methods; Type: FK CONSTRAINT; Schema: tabular; Owner: postgres
--

ALTER TABLE ONLY tabular.site_indicator_values
    ADD CONSTRAINT fk_site_indicator_values_sampling_methods FOREIGN KEY (sampling_method_id) REFERENCES codelist.sampling_methods(id) NOT VALID;


--
-- TOC entry 6135 (class 2606 OID 48565)
-- Name: site_indicator_values fk_site_indicator_values_species; Type: FK CONSTRAINT; Schema: tabular; Owner: postgres
--

ALTER TABLE ONLY tabular.site_indicator_values
    ADD CONSTRAINT fk_site_indicator_values_species FOREIGN KEY (species_id) REFERENCES tabular.species(id) NOT VALID;


--
-- TOC entry 6131 (class 2606 OID 48492)
-- Name: thematic_indicators fk_thematic_thematic_indicator; Type: FK CONSTRAINT; Schema: tabular; Owner: postgres
--

ALTER TABLE ONLY tabular.thematic_indicators
    ADD CONSTRAINT fk_thematic_thematic_indicator FOREIGN KEY (thematic_id) REFERENCES tabular.thematics(id) ON UPDATE SET NULL ON DELETE SET NULL;


--
-- TOC entry 6119 (class 2606 OID 22886)
-- Name: documents tabular_documents_location_id_foreign; Type: FK CONSTRAINT; Schema: tabular; Owner: postgres
--

ALTER TABLE ONLY tabular.documents
    ADD CONSTRAINT tabular_documents_location_id_foreign FOREIGN KEY (location_id) REFERENCES codelist.project_locations(id) ON UPDATE CASCADE ON DELETE CASCADE NOT VALID;


--
-- TOC entry 6120 (class 2606 OID 22918)
-- Name: documents tabular_documents_organization_id_foreign; Type: FK CONSTRAINT; Schema: tabular; Owner: postgres
--

ALTER TABLE ONLY tabular.documents
    ADD CONSTRAINT tabular_documents_organization_id_foreign FOREIGN KEY (author_organization_id) REFERENCES tabular.organizations(id) NOT VALID;


--
-- TOC entry 6121 (class 2606 OID 19641)
-- Name: documents tabular_documents_project_id_foreign; Type: FK CONSTRAINT; Schema: tabular; Owner: postgres
--

ALTER TABLE ONLY tabular.documents
    ADD CONSTRAINT tabular_documents_project_id_foreign FOREIGN KEY (project_id) REFERENCES tabular.projects(id) ON DELETE CASCADE;


--
-- TOC entry 6122 (class 2606 OID 19651)
-- Name: documents tabular_documents_role_id_foreign; Type: FK CONSTRAINT; Schema: tabular; Owner: postgres
--

ALTER TABLE ONLY tabular.documents
    ADD CONSTRAINT tabular_documents_role_id_foreign FOREIGN KEY (role_id) REFERENCES codelist.user_roles(id) ON DELETE CASCADE;


--
-- TOC entry 6123 (class 2606 OID 22923)
-- Name: documents tabular_documents_user_id_foreign; Type: FK CONSTRAINT; Schema: tabular; Owner: postgres
--

ALTER TABLE ONLY tabular.documents
    ADD CONSTRAINT tabular_documents_user_id_foreign FOREIGN KEY (author_organization_id) REFERENCES tabular.organizations(id) ON UPDATE CASCADE ON DELETE CASCADE NOT VALID;


--
-- TOC entry 6127 (class 2606 OID 48416)
-- Name: indicator tabular_indicator_licence_id_foreign; Type: FK CONSTRAINT; Schema: tabular; Owner: postgres
--

ALTER TABLE ONLY tabular.indicator
    ADD CONSTRAINT tabular_indicator_licence_id_foreign FOREIGN KEY (licence_id) REFERENCES codelist.data_licences(id) ON DELETE SET NULL;


--
-- TOC entry 6128 (class 2606 OID 48426)
-- Name: indicator tabular_indicator_responsible_organization_id_foreign; Type: FK CONSTRAINT; Schema: tabular; Owner: postgres
--

ALTER TABLE ONLY tabular.indicator
    ADD CONSTRAINT tabular_indicator_responsible_organization_id_foreign FOREIGN KEY (responsible_organization_id) REFERENCES tabular.organizations(id) ON DELETE SET NULL;


--
-- TOC entry 6129 (class 2606 OID 48421)
-- Name: indicator tabular_indicator_role_id_foreign; Type: FK CONSTRAINT; Schema: tabular; Owner: postgres
--

ALTER TABLE ONLY tabular.indicator
    ADD CONSTRAINT tabular_indicator_role_id_foreign FOREIGN KEY (role_id) REFERENCES codelist.user_roles(id) ON DELETE SET NULL;


--
-- TOC entry 6114 (class 2606 OID 19489)
-- Name: project_objectives tabular_project_objectives_project_id_foreign; Type: FK CONSTRAINT; Schema: tabular; Owner: postgres
--

ALTER TABLE ONLY tabular.project_objectives
    ADD CONSTRAINT tabular_project_objectives_project_id_foreign FOREIGN KEY (project_id) REFERENCES tabular.projects(id) ON DELETE CASCADE;


--
-- TOC entry 6113 (class 2606 OID 19476)
-- Name: project_results tabular_project_results_project_id_foreign; Type: FK CONSTRAINT; Schema: tabular; Owner: postgres
--

ALTER TABLE ONLY tabular.project_results
    ADD CONSTRAINT tabular_project_results_project_id_foreign FOREIGN KEY (project_id) REFERENCES tabular.projects(id) ON DELETE CASCADE;


--
-- TOC entry 6116 (class 2606 OID 19591)
-- Name: project_thematics tabular_project_thematics_data_licence_id_foreign; Type: FK CONSTRAINT; Schema: tabular; Owner: postgres
--

ALTER TABLE ONLY tabular.project_thematics
    ADD CONSTRAINT tabular_project_thematics_data_licence_id_foreign FOREIGN KEY (data_licence_id) REFERENCES codelist.data_licences(id) ON DELETE CASCADE;


--
-- TOC entry 6117 (class 2606 OID 19596)
-- Name: project_thematics tabular_project_thematics_project_id_foreign; Type: FK CONSTRAINT; Schema: tabular; Owner: postgres
--

ALTER TABLE ONLY tabular.project_thematics
    ADD CONSTRAINT tabular_project_thematics_project_id_foreign FOREIGN KEY (project_id) REFERENCES tabular.projects(id) ON DELETE CASCADE;


--
-- TOC entry 6118 (class 2606 OID 19601)
-- Name: project_thematics tabular_project_thematics_thematic_id_foreign; Type: FK CONSTRAINT; Schema: tabular; Owner: postgres
--

ALTER TABLE ONLY tabular.project_thematics
    ADD CONSTRAINT tabular_project_thematics_thematic_id_foreign FOREIGN KEY (thematic_id) REFERENCES tabular.thematics(id) ON DELETE CASCADE;


--
-- TOC entry 6109 (class 2606 OID 19453)
-- Name: projects tabular_projects_currency_id_foreign; Type: FK CONSTRAINT; Schema: tabular; Owner: postgres
--

ALTER TABLE ONLY tabular.projects
    ADD CONSTRAINT tabular_projects_currency_id_foreign FOREIGN KEY (currency_id) REFERENCES codelist.currency(id) ON DELETE CASCADE;


--
-- TOC entry 6110 (class 2606 OID 19448)
-- Name: projects tabular_projects_location_id_foreign; Type: FK CONSTRAINT; Schema: tabular; Owner: postgres
--

ALTER TABLE ONLY tabular.projects
    ADD CONSTRAINT tabular_projects_location_id_foreign FOREIGN KEY (location_id) REFERENCES codelist.project_locations(id) ON DELETE CASCADE;


--
-- TOC entry 6111 (class 2606 OID 19458)
-- Name: projects tabular_projects_organization_id_foreign; Type: FK CONSTRAINT; Schema: tabular; Owner: postgres
--

ALTER TABLE ONLY tabular.projects
    ADD CONSTRAINT tabular_projects_organization_id_foreign FOREIGN KEY (organization_id) REFERENCES tabular.organizations(id) ON DELETE CASCADE;


--
-- TOC entry 6112 (class 2606 OID 19463)
-- Name: projects tabular_projects_user_id_foreign; Type: FK CONSTRAINT; Schema: tabular; Owner: postgres
--

ALTER TABLE ONLY tabular.projects
    ADD CONSTRAINT tabular_projects_user_id_foreign FOREIGN KEY (user_id) REFERENCES public.users(user_id) ON DELETE CASCADE;


--
-- TOC entry 6105 (class 2606 OID 48400)
-- Name: thematics tabular_thematics_codelist_biodiversity_issues; Type: FK CONSTRAINT; Schema: tabular; Owner: postgres
--

ALTER TABLE ONLY tabular.thematics
    ADD CONSTRAINT tabular_thematics_codelist_biodiversity_issues FOREIGN KEY (biodiversity_issue_id) REFERENCES codelist.biodiversity_issues(id) ON UPDATE SET NULL ON DELETE SET NULL NOT VALID;


--
-- TOC entry 6106 (class 2606 OID 19698)
-- Name: thematics tabular_thematics_codelist_thematic_categories_id_foreign; Type: FK CONSTRAINT; Schema: tabular; Owner: postgres
--

ALTER TABLE ONLY tabular.thematics
    ADD CONSTRAINT tabular_thematics_codelist_thematic_categories_id_foreign FOREIGN KEY (cible_id) REFERENCES codelist.cibles(id) ON DELETE CASCADE NOT VALID;


-- Completed on 2025-12-17 09:28:03

--
--

